{"id":983,"date":"2022-10-28T14:21:32","date_gmt":"2022-10-28T12:21:32","guid":{"rendered":"https:\/\/9editions.com\/boutique\/?post_type=product&#038;p=983"},"modified":"2023-01-17T17:28:10","modified_gmt":"2023-01-17T16:28:10","slug":"la-necessite-de-changer-la-politique-en-republique-democratique-du-congo-livre-broche","status":"publish","type":"product","link":"https:\/\/9editions.com\/boutique\/produit\/la-necessite-de-changer-la-politique-en-republique-democratique-du-congo-livre-broche\/","title":{"rendered":"La n\u00e9cessit\u00e9 de changer la politique en R\u00e9publique D\u00e9mocratique du Congo (Livre broch\u00e9)"},"content":{"rendered":"<p>Ce livre est un instrument de r\u00e9flexion et d&rsquo;\u00e9veil politique. Son contenu nourri le d\u00e9bat initi\u00e9 par \u00a0\u00bb G\u00e9n\u00e9ration Responsable et R\u00e9publicaine\u00a0\u00bb Une structure intelligente destin\u00e9e \u00e0 concevoir des id\u00e9es et proposer un mod\u00e8le de fonctionnement favorable au peuple.<\/p>\n<p>Cet ouvrage dresse un constat sans complaisance de l&rsquo;\u00e9chec de ceux qui dirigent la Rdc et cause un tort immense \u00e0 ce pays.<\/p>\n<p>Page apr\u00e8s page, l&rsquo;auteur expose avec amertume les raisons imp\u00e9rieuses qui devraient inciter les congolais \u00e0 s\u2019indigner, se r\u00e9volter et changer de politique dans leur pays afin de le reconstruire et rena\u00eetre de ses cendres.<\/p>\n","protected":false},"excerpt":{"rendered":"<p>Ce livre est un instrument de r\u00e9flexion et d&rsquo;\u00e9veil politique. Son contenu nourri le d\u00e9bat initi\u00e9 par \u00a0\u00bb G\u00e9n\u00e9ration Responsable et R\u00e9publicaine\u00a0\u00bb Une structure intelligente destin\u00e9e \u00e0 concevoir des id\u00e9es et proposer un mod\u00e8le de fonctionnement favorable au peuple.<\/p>\n<p>Cet ouvrage dresse un constat sans complaisance de l&rsquo;\u00e9chec de ceux qui dirigent la Rdc et cause un tort immense \u00e0 ce pays.<\/p>\n<p>Page apr\u00e8s page, l&rsquo;auteur expose avec amertume les raisons imp\u00e9rieuses qui devraient inciter les congolais \u00e0 s\u2019indigner, se r\u00e9volter et changer de politique dans leur pays afin de le reconstruire et rena\u00eetre de ses cendres.<\/p>\n","protected":false},"featured_media":984,"comment_status":"open","ping_status":"closed","template":"","meta":[],"product_brand":[],"product_cat":[32,80],"product_tag":[188,190,191,189,64],"class_list":{"0":"post-983","1":"product","2":"type-product","3":"status-publish","6":"product_cat-livre-broche","7":"product_cat-societe","8":"product_tag-congo","9":"product_tag-essai-politique","10":"product_tag-nkombe-ya-ndongo","11":"product_tag-politique","12":"product_tag-societe","13":"product_shipping_class-livre","15":"first","16":"instock","17":"purchasable","18":"product-type-simple"},"yoast_head":"<!-- This site is optimized with the Yoast SEO plugin v27.3 - https:\/\/yoast.com\/product\/yoast-seo-wordpress\/ -->\n<title>La n\u00e9cessit\u00e9 de changer la politique en R\u00e9publique D\u00e9mocratique du Congo (Livre broch\u00e9) - 9 \u00e9ditions<\/title>\n<meta name=\"description\" content=\"D\u00e9couvrez l&#039;\u00e9veil politique et les r\u00e9flexions propos\u00e9es \u00e0 la g\u00e9n\u00e9ration congolaise dans le livre de M. Nkomb\u00e9 Ya Ndongo. Th\u00e8mes : sant\u00e9 \u00e9ducation \u00e9conomie..\" \/>\n<meta name=\"robots\" content=\"index, follow, max-snippet:-1, max-image-preview:large, max-video-preview:-1\" \/>\n<link rel=\"canonical\" href=\"https:\/\/9editions.com\/boutique\/produit\/la-necessite-de-changer-la-politique-en-republique-democratique-du-congo-livre-broche\/\" \/>\n<meta property=\"og:locale\" content=\"fr_FR\" \/>\n<meta property=\"og:type\" content=\"article\" \/>\n<meta property=\"og:title\" content=\"La n\u00e9cessit\u00e9 de changer la politique en R\u00e9publique D\u00e9mocratique du Congo (Livre broch\u00e9) - 9 \u00e9ditions\" \/>\n<meta property=\"og:description\" content=\"D\u00e9couvrez l&#039;\u00e9veil politique et les r\u00e9flexions propos\u00e9es \u00e0 la g\u00e9n\u00e9ration congolaise dans le livre de M. Nkomb\u00e9 Ya Ndongo. Th\u00e8mes : sant\u00e9 \u00e9ducation \u00e9conomie..\" \/>\n<meta property=\"og:url\" content=\"https:\/\/9editions.com\/boutique\/produit\/la-necessite-de-changer-la-politique-en-republique-democratique-du-congo-livre-broche\/\" \/>\n<meta property=\"og:site_name\" content=\"9 \u00e9ditions\" \/>\n<meta property=\"article:publisher\" content=\"https:\/\/www.facebook.com\/9editions?ref=bookmarks\" \/>\n<meta property=\"article:modified_time\" content=\"2023-01-17T16:28:10+00:00\" \/>\n<meta property=\"og:image\" content=\"https:\/\/9editions.com\/boutique\/wp-content\/uploads\/2022\/10\/Necessite_politique_congo_1ere_COUV_HD-scaled.jpg\" \/>\n\t<meta property=\"og:image:width\" content=\"1803\" \/>\n\t<meta property=\"og:image:height\" content=\"2560\" \/>\n\t<meta property=\"og:image:type\" content=\"image\/jpeg\" \/>\n<meta name=\"twitter:card\" content=\"summary_large_image\" \/>\n<meta name=\"twitter:site\" content=\"@9_editions\" \/>\n<meta name=\"twitter:label1\" content=\"Dur\u00e9e de lecture estim\u00e9e\" \/>\n\t<meta name=\"twitter:data1\" content=\"1 minute\" \/>\n<script type=\"application\/ld+json\" class=\"yoast-schema-graph\">{\"@context\":\"https:\\\/\\\/schema.org\",\"@graph\":[{\"@type\":\"WebPage\",\"@id\":\"https:\\\/\\\/9editions.com\\\/boutique\\\/produit\\\/la-necessite-de-changer-la-politique-en-republique-democratique-du-congo-livre-broche\\\/\",\"url\":\"https:\\\/\\\/9editions.com\\\/boutique\\\/produit\\\/la-necessite-de-changer-la-politique-en-republique-democratique-du-congo-livre-broche\\\/\",\"name\":\"La n\u00e9cessit\u00e9 de changer la politique en R\u00e9publique D\u00e9mocratique du Congo (Livre broch\u00e9) - 9 \u00e9ditions\",\"isPartOf\":{\"@id\":\"https:\\\/\\\/9editions.com\\\/boutique\\\/#website\"},\"primaryImageOfPage\":{\"@id\":\"https:\\\/\\\/9editions.com\\\/boutique\\\/produit\\\/la-necessite-de-changer-la-politique-en-republique-democratique-du-congo-livre-broche\\\/#primaryimage\"},\"image\":{\"@id\":\"https:\\\/\\\/9editions.com\\\/boutique\\\/produit\\\/la-necessite-de-changer-la-politique-en-republique-democratique-du-congo-livre-broche\\\/#primaryimage\"},\"thumbnailUrl\":\"https:\\\/\\\/9editions.com\\\/boutique\\\/wp-content\\\/uploads\\\/2022\\\/10\\\/Necessite_politique_congo_1ere_COUV_HD-scaled.jpg\",\"datePublished\":\"2022-10-28T12:21:32+00:00\",\"dateModified\":\"2023-01-17T16:28:10+00:00\",\"description\":\"D\u00e9couvrez l'\u00e9veil politique et les r\u00e9flexions propos\u00e9es \u00e0 la g\u00e9n\u00e9ration congolaise dans le livre de M. Nkomb\u00e9 Ya Ndongo. Th\u00e8mes : sant\u00e9 \u00e9ducation \u00e9conomie..\",\"breadcrumb\":{\"@id\":\"https:\\\/\\\/9editions.com\\\/boutique\\\/produit\\\/la-necessite-de-changer-la-politique-en-republique-democratique-du-congo-livre-broche\\\/#breadcrumb\"},\"inLanguage\":\"fr-FR\",\"potentialAction\":[{\"@type\":\"ReadAction\",\"target\":[\"https:\\\/\\\/9editions.com\\\/boutique\\\/produit\\\/la-necessite-de-changer-la-politique-en-republique-democratique-du-congo-livre-broche\\\/\"]}]},{\"@type\":\"ImageObject\",\"inLanguage\":\"fr-FR\",\"@id\":\"https:\\\/\\\/9editions.com\\\/boutique\\\/produit\\\/la-necessite-de-changer-la-politique-en-republique-democratique-du-congo-livre-broche\\\/#primaryimage\",\"url\":\"https:\\\/\\\/9editions.com\\\/boutique\\\/wp-content\\\/uploads\\\/2022\\\/10\\\/Necessite_politique_congo_1ere_COUV_HD-scaled.jpg\",\"contentUrl\":\"https:\\\/\\\/9editions.com\\\/boutique\\\/wp-content\\\/uploads\\\/2022\\\/10\\\/Necessite_politique_congo_1ere_COUV_HD-scaled.jpg\",\"width\":1803,\"height\":2560},{\"@type\":\"BreadcrumbList\",\"@id\":\"https:\\\/\\\/9editions.com\\\/boutique\\\/produit\\\/la-necessite-de-changer-la-politique-en-republique-democratique-du-congo-livre-broche\\\/#breadcrumb\",\"itemListElement\":[{\"@type\":\"ListItem\",\"position\":1,\"name\":\"Accueil\",\"item\":\"https:\\\/\\\/9editions.com\\\/boutique\\\/\"},{\"@type\":\"ListItem\",\"position\":2,\"name\":\"Boutique\",\"item\":\"https:\\\/\\\/9editions.com\\\/boutique\\\/\"},{\"@type\":\"ListItem\",\"position\":3,\"name\":\"La n\u00e9cessit\u00e9 de changer la politique en R\u00e9publique D\u00e9mocratique du Congo (Livre broch\u00e9)\"}]},{\"@type\":\"WebSite\",\"@id\":\"https:\\\/\\\/9editions.com\\\/boutique\\\/#website\",\"url\":\"https:\\\/\\\/9editions.com\\\/boutique\\\/\",\"name\":\"9 \u00e9ditions\",\"description\":\"La maison d&#039;\u00e9dition au c\u00f4t\u00e9 des auteurs\",\"publisher\":{\"@id\":\"https:\\\/\\\/9editions.com\\\/boutique\\\/#organization\"},\"potentialAction\":[{\"@type\":\"SearchAction\",\"target\":{\"@type\":\"EntryPoint\",\"urlTemplate\":\"https:\\\/\\\/9editions.com\\\/boutique\\\/?s={search_term_string}\"},\"query-input\":{\"@type\":\"PropertyValueSpecification\",\"valueRequired\":true,\"valueName\":\"search_term_string\"}}],\"inLanguage\":\"fr-FR\"},{\"@type\":\"Organization\",\"@id\":\"https:\\\/\\\/9editions.com\\\/boutique\\\/#organization\",\"name\":\"9 \u00e9ditions\",\"url\":\"https:\\\/\\\/9editions.com\\\/boutique\\\/\",\"logo\":{\"@type\":\"ImageObject\",\"inLanguage\":\"fr-FR\",\"@id\":\"https:\\\/\\\/9editions.com\\\/boutique\\\/#\\\/schema\\\/logo\\\/image\\\/\",\"url\":\"https:\\\/\\\/9editions.com\\\/boutique\\\/wp-content\\\/uploads\\\/2020\\\/03\\\/cropped-9-editions-logo-amazon.jpg\",\"contentUrl\":\"https:\\\/\\\/9editions.com\\\/boutique\\\/wp-content\\\/uploads\\\/2020\\\/03\\\/cropped-9-editions-logo-amazon.jpg\",\"width\":120,\"height\":30,\"caption\":\"9 \u00e9ditions\"},\"image\":{\"@id\":\"https:\\\/\\\/9editions.com\\\/boutique\\\/#\\\/schema\\\/logo\\\/image\\\/\"},\"sameAs\":[\"https:\\\/\\\/www.facebook.com\\\/9editions?ref=bookmarks\",\"https:\\\/\\\/x.com\\\/9_editions\",\"https:\\\/\\\/www.instagram.com\\\/9editions_\\\/\"]}]}<\/script>\n<!-- \/ Yoast SEO plugin. -->","yoast_head_json":{"title":"La n\u00e9cessit\u00e9 de changer la politique en R\u00e9publique D\u00e9mocratique du Congo (Livre broch\u00e9) - 9 \u00e9ditions","description":"D\u00e9couvrez l'\u00e9veil politique et les r\u00e9flexions propos\u00e9es \u00e0 la g\u00e9n\u00e9ration congolaise dans le livre de M. Nkomb\u00e9 Ya Ndongo. Th\u00e8mes : sant\u00e9 \u00e9ducation \u00e9conomie..","robots":{"index":"index","follow":"follow","max-snippet":"max-snippet:-1","max-image-preview":"max-image-preview:large","max-video-preview":"max-video-preview:-1"},"canonical":"https:\/\/9editions.com\/boutique\/produit\/la-necessite-de-changer-la-politique-en-republique-democratique-du-congo-livre-broche\/","og_locale":"fr_FR","og_type":"article","og_title":"La n\u00e9cessit\u00e9 de changer la politique en R\u00e9publique D\u00e9mocratique du Congo (Livre broch\u00e9) - 9 \u00e9ditions","og_description":"D\u00e9couvrez l'\u00e9veil politique et les r\u00e9flexions propos\u00e9es \u00e0 la g\u00e9n\u00e9ration congolaise dans le livre de M. Nkomb\u00e9 Ya Ndongo. Th\u00e8mes : sant\u00e9 \u00e9ducation \u00e9conomie..","og_url":"https:\/\/9editions.com\/boutique\/produit\/la-necessite-de-changer-la-politique-en-republique-democratique-du-congo-livre-broche\/","og_site_name":"9 \u00e9ditions","article_publisher":"https:\/\/www.facebook.com\/9editions?ref=bookmarks","article_modified_time":"2023-01-17T16:28:10+00:00","og_image":[{"width":1803,"height":2560,"url":"https:\/\/9editions.com\/boutique\/wp-content\/uploads\/2022\/10\/Necessite_politique_congo_1ere_COUV_HD-scaled.jpg","type":"image\/jpeg"}],"twitter_card":"summary_large_image","twitter_site":"@9_editions","twitter_misc":{"Dur\u00e9e de lecture estim\u00e9e":"1 minute"},"schema":{"@context":"https:\/\/schema.org","@graph":[{"@type":"WebPage","@id":"https:\/\/9editions.com\/boutique\/produit\/la-necessite-de-changer-la-politique-en-republique-democratique-du-congo-livre-broche\/","url":"https:\/\/9editions.com\/boutique\/produit\/la-necessite-de-changer-la-politique-en-republique-democratique-du-congo-livre-broche\/","name":"La n\u00e9cessit\u00e9 de changer la politique en R\u00e9publique D\u00e9mocratique du Congo (Livre broch\u00e9) - 9 \u00e9ditions","isPartOf":{"@id":"https:\/\/9editions.com\/boutique\/#website"},"primaryImageOfPage":{"@id":"https:\/\/9editions.com\/boutique\/produit\/la-necessite-de-changer-la-politique-en-republique-democratique-du-congo-livre-broche\/#primaryimage"},"image":{"@id":"https:\/\/9editions.com\/boutique\/produit\/la-necessite-de-changer-la-politique-en-republique-democratique-du-congo-livre-broche\/#primaryimage"},"thumbnailUrl":"https:\/\/9editions.com\/boutique\/wp-content\/uploads\/2022\/10\/Necessite_politique_congo_1ere_COUV_HD-scaled.jpg","datePublished":"2022-10-28T12:21:32+00:00","dateModified":"2023-01-17T16:28:10+00:00","description":"D\u00e9couvrez l'\u00e9veil politique et les r\u00e9flexions propos\u00e9es \u00e0 la g\u00e9n\u00e9ration congolaise dans le livre de M. Nkomb\u00e9 Ya Ndongo. Th\u00e8mes : sant\u00e9 \u00e9ducation \u00e9conomie..","breadcrumb":{"@id":"https:\/\/9editions.com\/boutique\/produit\/la-necessite-de-changer-la-politique-en-republique-democratique-du-congo-livre-broche\/#breadcrumb"},"inLanguage":"fr-FR","potentialAction":[{"@type":"ReadAction","target":["https:\/\/9editions.com\/boutique\/produit\/la-necessite-de-changer-la-politique-en-republique-democratique-du-congo-livre-broche\/"]}]},{"@type":"ImageObject","inLanguage":"fr-FR","@id":"https:\/\/9editions.com\/boutique\/produit\/la-necessite-de-changer-la-politique-en-republique-democratique-du-congo-livre-broche\/#primaryimage","url":"https:\/\/9editions.com\/boutique\/wp-content\/uploads\/2022\/10\/Necessite_politique_congo_1ere_COUV_HD-scaled.jpg","contentUrl":"https:\/\/9editions.com\/boutique\/wp-content\/uploads\/2022\/10\/Necessite_politique_congo_1ere_COUV_HD-scaled.jpg","width":1803,"height":2560},{"@type":"BreadcrumbList","@id":"https:\/\/9editions.com\/boutique\/produit\/la-necessite-de-changer-la-politique-en-republique-democratique-du-congo-livre-broche\/#breadcrumb","itemListElement":[{"@type":"ListItem","position":1,"name":"Accueil","item":"https:\/\/9editions.com\/boutique\/"},{"@type":"ListItem","position":2,"name":"Boutique","item":"https:\/\/9editions.com\/boutique\/"},{"@type":"ListItem","position":3,"name":"La n\u00e9cessit\u00e9 de changer la politique en R\u00e9publique D\u00e9mocratique du Congo (Livre broch\u00e9)"}]},{"@type":"WebSite","@id":"https:\/\/9editions.com\/boutique\/#website","url":"https:\/\/9editions.com\/boutique\/","name":"9 \u00e9ditions","description":"La maison d&#039;\u00e9dition au c\u00f4t\u00e9 des auteurs","publisher":{"@id":"https:\/\/9editions.com\/boutique\/#organization"},"potentialAction":[{"@type":"SearchAction","target":{"@type":"EntryPoint","urlTemplate":"https:\/\/9editions.com\/boutique\/?s={search_term_string}"},"query-input":{"@type":"PropertyValueSpecification","valueRequired":true,"valueName":"search_term_string"}}],"inLanguage":"fr-FR"},{"@type":"Organization","@id":"https:\/\/9editions.com\/boutique\/#organization","name":"9 \u00e9ditions","url":"https:\/\/9editions.com\/boutique\/","logo":{"@type":"ImageObject","inLanguage":"fr-FR","@id":"https:\/\/9editions.com\/boutique\/#\/schema\/logo\/image\/","url":"https:\/\/9editions.com\/boutique\/wp-content\/uploads\/2020\/03\/cropped-9-editions-logo-amazon.jpg","contentUrl":"https:\/\/9editions.com\/boutique\/wp-content\/uploads\/2020\/03\/cropped-9-editions-logo-amazon.jpg","width":120,"height":30,"caption":"9 \u00e9ditions"},"image":{"@id":"https:\/\/9editions.com\/boutique\/#\/schema\/logo\/image\/"},"sameAs":["https:\/\/www.facebook.com\/9editions?ref=bookmarks","https:\/\/x.com\/9_editions","https:\/\/www.instagram.com\/9editions_\/"]}]}},"jetpack_sharing_enabled":true,"_links":{"self":[{"href":"https:\/\/9editions.com\/boutique\/wp-json\/wp\/v2\/product\/983","targetHints":{"allow":["GET"]}}],"collection":[{"href":"https:\/\/9editions.com\/boutique\/wp-json\/wp\/v2\/product"}],"about":[{"href":"https:\/\/9editions.com\/boutique\/wp-json\/wp\/v2\/types\/product"}],"replies":[{"embeddable":true,"href":"https:\/\/9editions.com\/boutique\/wp-json\/wp\/v2\/comments?post=983"}],"wp:featuredmedia":[{"embeddable":true,"href":"https:\/\/9editions.com\/boutique\/wp-json\/wp\/v2\/media\/984"}],"wp:attachment":[{"href":"https:\/\/9editions.com\/boutique\/wp-json\/wp\/v2\/media?parent=983"}],"wp:term":[{"taxonomy":"product_brand","embeddable":true,"href":"https:\/\/9editions.com\/boutique\/wp-json\/wp\/v2\/product_brand?post=983"},{"taxonomy":"product_cat","embeddable":true,"href":"https:\/\/9editions.com\/boutique\/wp-json\/wp\/v2\/product_cat?post=983"},{"taxonomy":"product_tag","embeddable":true,"href":"https:\/\/9editions.com\/boutique\/wp-json\/wp\/v2\/product_tag?post=983"}],"curies":[{"name":"wp","href":"https:\/\/api.w.org\/{rel}","templated":true}]}}