{"id":933,"date":"2022-10-26T08:53:45","date_gmt":"2022-10-26T06:53:45","guid":{"rendered":"https:\/\/9editions.com\/boutique\/?post_type=product&#038;p=933"},"modified":"2023-01-17T17:30:11","modified_gmt":"2023-01-17T16:30:11","slug":"manuel-de-survie-du-createur-dentreprise-tome-1-ebook","status":"publish","type":"product","link":"https:\/\/9editions.com\/boutique\/produit\/manuel-de-survie-du-createur-dentreprise-tome-1-ebook\/","title":{"rendered":"Manuel de survie du Cr\u00e9ateur d&rsquo;entreprise Tome 1 (ebook)"},"content":{"rendered":"<h1>D\u00e9couvrez le \u00ab\u00a0Manuel de survie du cr\u00e9ateur d&rsquo;entreprise\u00a0\u00bb<\/h1>\n<p>Ce tome 1 traite du march\u00e9 et de la politique commerciale.<br \/>\nGr\u00e2ce \u00e0 des exemples concrets, pr\u00e9parez la cr\u00e9ation de votre TPE-PME ou reprenez les fondamentaux afin de g\u00e9rer votre activit\u00e9.<\/p>\n<p>R\u00e9sum\u00e9 :<\/p>\n<p>\u00ab\u00a0Par o\u00f9 commencer\u00a0?\u00a0Il y a tant \u00e0 faire \u00bb se demandent les futurs cr\u00e9ateurs d\u2019entreprise.<\/p>\n<p>\u00ab\u00a0Surtout pas par le plan financier du Business Plan\u00a0!\u00a0\u00bb r\u00e9pond l\u2019auteure.<\/p>\n<p>Pour elle, le point de d\u00e9part de cette formidable aventure est l\u2019\u00e9tude de la validit\u00e9 du march\u00e9 potentiel par rapport au produit initialement imagin\u00e9 par le porteur de projet.<\/p>\n<p>Dans ce manuel l\u2019auteure explique au futur cr\u00e9ateur, d\u2019une fa\u00e7on simple et illustr\u00e9e par de nombreux exemples, comment passer successivement de l\u2019id\u00e9e au projet puis \u00e0 la validation du march\u00e9, \u00e0 son \u00e9valuation et enfin \u00e0 l\u2019\u00e9laboration de la premi\u00e8re strat\u00e9gie d\u2019entreprise et de la politique commerciale de lancement.<\/p>\n<p>\u00ab\u00a0Les chiffres c\u2019est pour le tome 2\u00a0\u00bb, conclut-elle.<\/p>\n","protected":false},"excerpt":{"rendered":"<p>\u00ab Par o\u00f9 commencer ? Il y a tant \u00e0 faire \u00bb se demandent les futurs cr\u00e9ateurs d\u2019entreprise.<br \/>\n\u00ab Surtout pas par le plan financier du Business Plan ! \u00bb r\u00e9pond l\u2019auteure.<br \/>\nPour elle, le point de d\u00e9part de cette formidable aventure est l\u2019\u00e9tude de la validit\u00e9 du march\u00e9 potentiel par rapport au produit initialement imagin\u00e9 par le porteur de projet.<br \/>\nDans ce manuel l\u2019auteure explique au futur cr\u00e9ateur, d\u2019une fa\u00e7on simple et illustr\u00e9e par de nombreux exemples, comment passer successivement de l\u2019id\u00e9e au projet puis \u00e0 la validation du march\u00e9, \u00e0 son \u00e9valuation et enfin \u00e0 l\u2019\u00e9laboration de la premi\u00e8re strat\u00e9gie d\u2019entreprise et de la politique commerciale de lancement.<br \/>\n\u00ab Les chiffres c\u2019est pour le tome 2 \u00bb, conclut-elle.<\/p>\n","protected":false},"featured_media":932,"comment_status":"open","ping_status":"closed","template":"","meta":[],"product_brand":[],"product_cat":[29,48,80],"product_tag":[136,168,137,166,139,167],"class_list":{"0":"post-933","1":"product","2":"type-product","3":"status-publish","6":"product_cat-ebook","7":"product_cat-methodologie","8":"product_cat-societe","9":"product_tag-creation-dentreprise","10":"product_tag-dominique-delaporte","11":"product_tag-entrepreneur","12":"product_tag-gestion-commerciale","13":"product_tag-manuel","14":"product_tag-politique-commerciale","15":"product_shipping_class-ebook","17":"first","18":"instock","19":"purchasable","20":"product-type-simple"},"yoast_head":"<!-- This site is optimized with the Yoast SEO plugin v27.5 - https:\/\/yoast.com\/product\/yoast-seo-wordpress\/ -->\n<title>Manuel de survie du Cr\u00e9ateur d&#039;entreprise Tome 1 (ebook) - 9 \u00e9ditions<\/title>\n<meta name=\"description\" content=\"Dominique Delaporte a longtemps aid\u00e9 des cr\u00e9ateurs d&#039;entreprise aussi aujourd&#039;hui elle a d\u00e9cid\u00e9 de partager son savoir au travers de ces livres\" \/>\n<meta name=\"robots\" content=\"index, follow, max-snippet:-1, max-image-preview:large, max-video-preview:-1\" \/>\n<link rel=\"canonical\" href=\"https:\/\/9editions.com\/boutique\/produit\/manuel-de-survie-du-createur-dentreprise-tome-1-ebook\/\" \/>\n<meta property=\"og:locale\" content=\"fr_FR\" \/>\n<meta property=\"og:type\" content=\"article\" \/>\n<meta property=\"og:title\" content=\"Manuel de survie du Cr\u00e9ateur d&#039;entreprise Tome 1 (ebook) - 9 \u00e9ditions\" \/>\n<meta property=\"og:description\" content=\"Dominique Delaporte a longtemps aid\u00e9 des cr\u00e9ateurs d&#039;entreprise aussi aujourd&#039;hui elle a d\u00e9cid\u00e9 de partager son savoir au travers de ces livres\" \/>\n<meta property=\"og:url\" content=\"https:\/\/9editions.com\/boutique\/produit\/manuel-de-survie-du-createur-dentreprise-tome-1-ebook\/\" \/>\n<meta property=\"og:site_name\" content=\"9 \u00e9ditions\" \/>\n<meta property=\"article:publisher\" content=\"https:\/\/www.facebook.com\/9editions?ref=bookmarks\" \/>\n<meta property=\"article:modified_time\" content=\"2023-01-17T16:30:11+00:00\" \/>\n<meta property=\"og:image\" content=\"https:\/\/9editions.com\/boutique\/wp-content\/uploads\/2022\/10\/9EDITIONS-DOM-DELAPORTE-MANUEL-DE-SURVIE-PREMIERE-DE-COUV.jpg\" \/>\n\t<meta property=\"og:image:width\" content=\"1774\" \/>\n\t<meta property=\"og:image:height\" content=\"2487\" \/>\n\t<meta property=\"og:image:type\" content=\"image\/jpeg\" \/>\n<meta name=\"twitter:card\" content=\"summary_large_image\" \/>\n<meta name=\"twitter:site\" content=\"@9_editions\" \/>\n<meta name=\"twitter:label1\" content=\"Dur\u00e9e de lecture estim\u00e9e\" \/>\n\t<meta name=\"twitter:data1\" content=\"1 minute\" \/>\n<script type=\"application\/ld+json\" class=\"yoast-schema-graph\">{\"@context\":\"https:\\\/\\\/schema.org\",\"@graph\":[{\"@type\":\"WebPage\",\"@id\":\"https:\\\/\\\/9editions.com\\\/boutique\\\/produit\\\/manuel-de-survie-du-createur-dentreprise-tome-1-ebook\\\/\",\"url\":\"https:\\\/\\\/9editions.com\\\/boutique\\\/produit\\\/manuel-de-survie-du-createur-dentreprise-tome-1-ebook\\\/\",\"name\":\"Manuel de survie du Cr\u00e9ateur d'entreprise Tome 1 (ebook) - 9 \u00e9ditions\",\"isPartOf\":{\"@id\":\"https:\\\/\\\/9editions.com\\\/boutique\\\/#website\"},\"primaryImageOfPage\":{\"@id\":\"https:\\\/\\\/9editions.com\\\/boutique\\\/produit\\\/manuel-de-survie-du-createur-dentreprise-tome-1-ebook\\\/#primaryimage\"},\"image\":{\"@id\":\"https:\\\/\\\/9editions.com\\\/boutique\\\/produit\\\/manuel-de-survie-du-createur-dentreprise-tome-1-ebook\\\/#primaryimage\"},\"thumbnailUrl\":\"https:\\\/\\\/9editions.com\\\/boutique\\\/wp-content\\\/uploads\\\/2022\\\/10\\\/9EDITIONS-DOM-DELAPORTE-MANUEL-DE-SURVIE-PREMIERE-DE-COUV.jpg\",\"datePublished\":\"2022-10-26T06:53:45+00:00\",\"dateModified\":\"2023-01-17T16:30:11+00:00\",\"description\":\"Dominique Delaporte a longtemps aid\u00e9 des cr\u00e9ateurs d'entreprise aussi aujourd'hui elle a d\u00e9cid\u00e9 de partager son savoir au travers de ces livres\",\"breadcrumb\":{\"@id\":\"https:\\\/\\\/9editions.com\\\/boutique\\\/produit\\\/manuel-de-survie-du-createur-dentreprise-tome-1-ebook\\\/#breadcrumb\"},\"inLanguage\":\"fr-FR\",\"potentialAction\":[{\"@type\":\"ReadAction\",\"target\":[\"https:\\\/\\\/9editions.com\\\/boutique\\\/produit\\\/manuel-de-survie-du-createur-dentreprise-tome-1-ebook\\\/\"]}]},{\"@type\":\"ImageObject\",\"inLanguage\":\"fr-FR\",\"@id\":\"https:\\\/\\\/9editions.com\\\/boutique\\\/produit\\\/manuel-de-survie-du-createur-dentreprise-tome-1-ebook\\\/#primaryimage\",\"url\":\"https:\\\/\\\/9editions.com\\\/boutique\\\/wp-content\\\/uploads\\\/2022\\\/10\\\/9EDITIONS-DOM-DELAPORTE-MANUEL-DE-SURVIE-PREMIERE-DE-COUV.jpg\",\"contentUrl\":\"https:\\\/\\\/9editions.com\\\/boutique\\\/wp-content\\\/uploads\\\/2022\\\/10\\\/9EDITIONS-DOM-DELAPORTE-MANUEL-DE-SURVIE-PREMIERE-DE-COUV.jpg\",\"width\":1774,\"height\":2487},{\"@type\":\"BreadcrumbList\",\"@id\":\"https:\\\/\\\/9editions.com\\\/boutique\\\/produit\\\/manuel-de-survie-du-createur-dentreprise-tome-1-ebook\\\/#breadcrumb\",\"itemListElement\":[{\"@type\":\"ListItem\",\"position\":1,\"name\":\"Accueil\",\"item\":\"https:\\\/\\\/9editions.com\\\/boutique\\\/\"},{\"@type\":\"ListItem\",\"position\":2,\"name\":\"Boutique\",\"item\":\"https:\\\/\\\/9editions.com\\\/boutique\\\/\"},{\"@type\":\"ListItem\",\"position\":3,\"name\":\"Manuel de survie du Cr\u00e9ateur d&rsquo;entreprise Tome 1 (ebook)\"}]},{\"@type\":\"WebSite\",\"@id\":\"https:\\\/\\\/9editions.com\\\/boutique\\\/#website\",\"url\":\"https:\\\/\\\/9editions.com\\\/boutique\\\/\",\"name\":\"9 \u00e9ditions\",\"description\":\"La maison d&#039;\u00e9dition au c\u00f4t\u00e9 des auteurs\",\"publisher\":{\"@id\":\"https:\\\/\\\/9editions.com\\\/boutique\\\/#organization\"},\"potentialAction\":[{\"@type\":\"SearchAction\",\"target\":{\"@type\":\"EntryPoint\",\"urlTemplate\":\"https:\\\/\\\/9editions.com\\\/boutique\\\/?s={search_term_string}\"},\"query-input\":{\"@type\":\"PropertyValueSpecification\",\"valueRequired\":true,\"valueName\":\"search_term_string\"}}],\"inLanguage\":\"fr-FR\"},{\"@type\":\"Organization\",\"@id\":\"https:\\\/\\\/9editions.com\\\/boutique\\\/#organization\",\"name\":\"9 \u00e9ditions\",\"url\":\"https:\\\/\\\/9editions.com\\\/boutique\\\/\",\"logo\":{\"@type\":\"ImageObject\",\"inLanguage\":\"fr-FR\",\"@id\":\"https:\\\/\\\/9editions.com\\\/boutique\\\/#\\\/schema\\\/logo\\\/image\\\/\",\"url\":\"https:\\\/\\\/9editions.com\\\/boutique\\\/wp-content\\\/uploads\\\/2020\\\/03\\\/cropped-9-editions-logo-amazon.jpg\",\"contentUrl\":\"https:\\\/\\\/9editions.com\\\/boutique\\\/wp-content\\\/uploads\\\/2020\\\/03\\\/cropped-9-editions-logo-amazon.jpg\",\"width\":120,\"height\":30,\"caption\":\"9 \u00e9ditions\"},\"image\":{\"@id\":\"https:\\\/\\\/9editions.com\\\/boutique\\\/#\\\/schema\\\/logo\\\/image\\\/\"},\"sameAs\":[\"https:\\\/\\\/www.facebook.com\\\/9editions?ref=bookmarks\",\"https:\\\/\\\/x.com\\\/9_editions\",\"https:\\\/\\\/www.instagram.com\\\/9editions_\\\/\"]}]}<\/script>\n<!-- \/ Yoast SEO plugin. -->","yoast_head_json":{"title":"Manuel de survie du Cr\u00e9ateur d'entreprise Tome 1 (ebook) - 9 \u00e9ditions","description":"Dominique Delaporte a longtemps aid\u00e9 des cr\u00e9ateurs d'entreprise aussi aujourd'hui elle a d\u00e9cid\u00e9 de partager son savoir au travers de ces livres","robots":{"index":"index","follow":"follow","max-snippet":"max-snippet:-1","max-image-preview":"max-image-preview:large","max-video-preview":"max-video-preview:-1"},"canonical":"https:\/\/9editions.com\/boutique\/produit\/manuel-de-survie-du-createur-dentreprise-tome-1-ebook\/","og_locale":"fr_FR","og_type":"article","og_title":"Manuel de survie du Cr\u00e9ateur d'entreprise Tome 1 (ebook) - 9 \u00e9ditions","og_description":"Dominique Delaporte a longtemps aid\u00e9 des cr\u00e9ateurs d'entreprise aussi aujourd'hui elle a d\u00e9cid\u00e9 de partager son savoir au travers de ces livres","og_url":"https:\/\/9editions.com\/boutique\/produit\/manuel-de-survie-du-createur-dentreprise-tome-1-ebook\/","og_site_name":"9 \u00e9ditions","article_publisher":"https:\/\/www.facebook.com\/9editions?ref=bookmarks","article_modified_time":"2023-01-17T16:30:11+00:00","og_image":[{"width":1774,"height":2487,"url":"https:\/\/9editions.com\/boutique\/wp-content\/uploads\/2022\/10\/9EDITIONS-DOM-DELAPORTE-MANUEL-DE-SURVIE-PREMIERE-DE-COUV.jpg","type":"image\/jpeg"}],"twitter_card":"summary_large_image","twitter_site":"@9_editions","twitter_misc":{"Dur\u00e9e de lecture estim\u00e9e":"1 minute"},"schema":{"@context":"https:\/\/schema.org","@graph":[{"@type":"WebPage","@id":"https:\/\/9editions.com\/boutique\/produit\/manuel-de-survie-du-createur-dentreprise-tome-1-ebook\/","url":"https:\/\/9editions.com\/boutique\/produit\/manuel-de-survie-du-createur-dentreprise-tome-1-ebook\/","name":"Manuel de survie du Cr\u00e9ateur d'entreprise Tome 1 (ebook) - 9 \u00e9ditions","isPartOf":{"@id":"https:\/\/9editions.com\/boutique\/#website"},"primaryImageOfPage":{"@id":"https:\/\/9editions.com\/boutique\/produit\/manuel-de-survie-du-createur-dentreprise-tome-1-ebook\/#primaryimage"},"image":{"@id":"https:\/\/9editions.com\/boutique\/produit\/manuel-de-survie-du-createur-dentreprise-tome-1-ebook\/#primaryimage"},"thumbnailUrl":"https:\/\/9editions.com\/boutique\/wp-content\/uploads\/2022\/10\/9EDITIONS-DOM-DELAPORTE-MANUEL-DE-SURVIE-PREMIERE-DE-COUV.jpg","datePublished":"2022-10-26T06:53:45+00:00","dateModified":"2023-01-17T16:30:11+00:00","description":"Dominique Delaporte a longtemps aid\u00e9 des cr\u00e9ateurs d'entreprise aussi aujourd'hui elle a d\u00e9cid\u00e9 de partager son savoir au travers de ces livres","breadcrumb":{"@id":"https:\/\/9editions.com\/boutique\/produit\/manuel-de-survie-du-createur-dentreprise-tome-1-ebook\/#breadcrumb"},"inLanguage":"fr-FR","potentialAction":[{"@type":"ReadAction","target":["https:\/\/9editions.com\/boutique\/produit\/manuel-de-survie-du-createur-dentreprise-tome-1-ebook\/"]}]},{"@type":"ImageObject","inLanguage":"fr-FR","@id":"https:\/\/9editions.com\/boutique\/produit\/manuel-de-survie-du-createur-dentreprise-tome-1-ebook\/#primaryimage","url":"https:\/\/9editions.com\/boutique\/wp-content\/uploads\/2022\/10\/9EDITIONS-DOM-DELAPORTE-MANUEL-DE-SURVIE-PREMIERE-DE-COUV.jpg","contentUrl":"https:\/\/9editions.com\/boutique\/wp-content\/uploads\/2022\/10\/9EDITIONS-DOM-DELAPORTE-MANUEL-DE-SURVIE-PREMIERE-DE-COUV.jpg","width":1774,"height":2487},{"@type":"BreadcrumbList","@id":"https:\/\/9editions.com\/boutique\/produit\/manuel-de-survie-du-createur-dentreprise-tome-1-ebook\/#breadcrumb","itemListElement":[{"@type":"ListItem","position":1,"name":"Accueil","item":"https:\/\/9editions.com\/boutique\/"},{"@type":"ListItem","position":2,"name":"Boutique","item":"https:\/\/9editions.com\/boutique\/"},{"@type":"ListItem","position":3,"name":"Manuel de survie du Cr\u00e9ateur d&rsquo;entreprise Tome 1 (ebook)"}]},{"@type":"WebSite","@id":"https:\/\/9editions.com\/boutique\/#website","url":"https:\/\/9editions.com\/boutique\/","name":"9 \u00e9ditions","description":"La maison d&#039;\u00e9dition au c\u00f4t\u00e9 des auteurs","publisher":{"@id":"https:\/\/9editions.com\/boutique\/#organization"},"potentialAction":[{"@type":"SearchAction","target":{"@type":"EntryPoint","urlTemplate":"https:\/\/9editions.com\/boutique\/?s={search_term_string}"},"query-input":{"@type":"PropertyValueSpecification","valueRequired":true,"valueName":"search_term_string"}}],"inLanguage":"fr-FR"},{"@type":"Organization","@id":"https:\/\/9editions.com\/boutique\/#organization","name":"9 \u00e9ditions","url":"https:\/\/9editions.com\/boutique\/","logo":{"@type":"ImageObject","inLanguage":"fr-FR","@id":"https:\/\/9editions.com\/boutique\/#\/schema\/logo\/image\/","url":"https:\/\/9editions.com\/boutique\/wp-content\/uploads\/2020\/03\/cropped-9-editions-logo-amazon.jpg","contentUrl":"https:\/\/9editions.com\/boutique\/wp-content\/uploads\/2020\/03\/cropped-9-editions-logo-amazon.jpg","width":120,"height":30,"caption":"9 \u00e9ditions"},"image":{"@id":"https:\/\/9editions.com\/boutique\/#\/schema\/logo\/image\/"},"sameAs":["https:\/\/www.facebook.com\/9editions?ref=bookmarks","https:\/\/x.com\/9_editions","https:\/\/www.instagram.com\/9editions_\/"]}]}},"jetpack_sharing_enabled":true,"_links":{"self":[{"href":"https:\/\/9editions.com\/boutique\/wp-json\/wp\/v2\/product\/933","targetHints":{"allow":["GET"]}}],"collection":[{"href":"https:\/\/9editions.com\/boutique\/wp-json\/wp\/v2\/product"}],"about":[{"href":"https:\/\/9editions.com\/boutique\/wp-json\/wp\/v2\/types\/product"}],"replies":[{"embeddable":true,"href":"https:\/\/9editions.com\/boutique\/wp-json\/wp\/v2\/comments?post=933"}],"wp:featuredmedia":[{"embeddable":true,"href":"https:\/\/9editions.com\/boutique\/wp-json\/wp\/v2\/media\/932"}],"wp:attachment":[{"href":"https:\/\/9editions.com\/boutique\/wp-json\/wp\/v2\/media?parent=933"}],"wp:term":[{"taxonomy":"product_brand","embeddable":true,"href":"https:\/\/9editions.com\/boutique\/wp-json\/wp\/v2\/product_brand?post=933"},{"taxonomy":"product_cat","embeddable":true,"href":"https:\/\/9editions.com\/boutique\/wp-json\/wp\/v2\/product_cat?post=933"},{"taxonomy":"product_tag","embeddable":true,"href":"https:\/\/9editions.com\/boutique\/wp-json\/wp\/v2\/product_tag?post=933"}],"curies":[{"name":"wp","href":"https:\/\/api.w.org\/{rel}","templated":true}]}}