{"id":674,"date":"2022-10-17T10:49:10","date_gmt":"2022-10-17T08:49:10","guid":{"rendered":"https:\/\/9editions.com\/boutique\/?post_type=product&#038;p=674"},"modified":"2025-02-25T09:49:23","modified_gmt":"2025-02-25T08:49:23","slug":"art-et-bonheur-livre-broche","status":"publish","type":"product","link":"https:\/\/9editions.com\/boutique\/produit\/art-et-bonheur-livre-broche\/","title":{"rendered":"Art et Bonheur (Livre broch\u00e9)"},"content":{"rendered":"<p>\u00ab Art et Bonheur \u00bb, ce sont des histoires originales et vari\u00e9es, qui s\u2019adressent aux adultes comme aux enfants, dans un style plein de fantaisie \u00e0 la fois in\u00e9dit, fluide et facile \u00e0 comprendre. Ces textes, inimagin\u00e9s, sont pleins de paraboles, de m\u00e9taphores et d\u2019images jamais parues.<\/p>\n<p>Venez donc lire ces \u00e9crits nouveaux, structur\u00e9s et pourtant plein de po\u00e9sie, mais aussi ces conseils pour devenir heureux quoi qu\u2019il arrive, et ces r\u00e9flexions philosophiques pertinentes pour atteindre un Bonheur qui dure dans le temps en d\u00e9veloppant sa Sagesse et sa force int\u00e9rieure.<\/p>\n<p>\u00ab Art et Bonheur \u00bb c\u2019est \u00e9galement une incitation \u00e0 d\u00e9velopper son c\u00f4t\u00e9 artistique pour am\u00e9liorer son estime de soi. <\/p>\n<p>Enfin, venez d\u00e9couvrir des animaux, mais aussi des objets\u2026 qui parlent ! Car ils parlent, dans des dialogues \u00e0 la fois humoristiques, pleins de fantaisie, et profonds ; le tout saupoudr\u00e9 de recettes pour apprendre \u00e0 \u00e9crire.<\/p>\n<p>Il y en a pour tous et pour tous les go\u00fbts. Une oeuvre sans nulle pareille, vraiment.<\/p>\n","protected":false},"excerpt":{"rendered":"<p>\u00ab Art et Bonheur \u00bb, ce sont des histoires originales et vari\u00e9es, qui s\u2019adressent aux adultes comme aux enfants, dans un style plein de fantaisie \u00e0 la fois in\u00e9dit, fluide et facile \u00e0 comprendre. Ces textes, inimagin\u00e9s, sont pleins de paraboles, de m\u00e9taphores et d\u2019images jamais parues.<\/p>\n<p>Venez donc lire ces \u00e9crits nouveaux, structur\u00e9s et pourtant plein de po\u00e9sie, mais aussi ces conseils pour devenir heureux quoi qu\u2019il arrive, et ces r\u00e9flexions philosophiques pertinentes pour atteindre un Bonheur qui dure dans le temps en d\u00e9veloppant sa Sagesse et sa force int\u00e9rieure.<\/p>\n<p>\u00ab Art et Bonheur \u00bb c\u2019est \u00e9galement une incitation \u00e0 d\u00e9velopper son c\u00f4t\u00e9 artistique pour am\u00e9liorer son estime de soi. <\/p>\n<p>Enfin, venez d\u00e9couvrir des animaux, mais aussi des objets\u2026 qui parlent ! Car ils parlent, dans des dialogues \u00e0 la fois humoristiques, pleins de fantaisie, et profonds ; le tout saupoudr\u00e9 de recettes pour apprendre \u00e0 \u00e9crire.<\/p>\n<p>Il y en a pour tous et pour tous les go\u00fbts. Une oeuvre sans nulle pareille, vraiment.<\/p>\n","protected":false},"featured_media":675,"comment_status":"open","ping_status":"closed","template":"","meta":[],"product_brand":[],"product_cat":[32,19,80],"product_tag":[119,28,117,118,99],"class_list":{"0":"post-674","1":"product","2":"type-product","3":"status-publish","6":"product_cat-livre-broche","7":"product_cat-poesie","8":"product_cat-societe","9":"product_tag-art-et-bonheur","10":"product_tag-catherine-centanse","11":"product_tag-nouvelles","12":"product_tag-recettes-du-bonheur","13":"product_tag-recueil-de-poemes","14":"product_shipping_class-livre","16":"first","17":"instock","18":"purchasable","19":"product-type-simple"},"yoast_head":"<!-- This site is optimized with the Yoast SEO plugin v27.3 - https:\/\/yoast.com\/product\/yoast-seo-wordpress\/ -->\n<title>Art et Bonheur (Livre broch\u00e9) - 9 \u00e9ditions<\/title>\n<meta name=\"description\" content=\"Catherine CENTANSE est une auteure autodidacte, elle a re\u00e7u la mention du m\u00e9rite po\u00e9tique au concours national Les poesiades. Art et Bonheur\" \/>\n<meta name=\"robots\" content=\"index, follow, max-snippet:-1, max-image-preview:large, max-video-preview:-1\" \/>\n<link rel=\"canonical\" href=\"https:\/\/9editions.com\/boutique\/produit\/art-et-bonheur-livre-broche\/\" \/>\n<meta property=\"og:locale\" content=\"fr_FR\" \/>\n<meta property=\"og:type\" content=\"article\" \/>\n<meta property=\"og:title\" content=\"Art et Bonheur (Livre broch\u00e9) - 9 \u00e9ditions\" \/>\n<meta property=\"og:description\" content=\"Catherine CENTANSE est une auteure autodidacte, elle a re\u00e7u la mention du m\u00e9rite po\u00e9tique au concours national Les poesiades. Art et Bonheur\" \/>\n<meta property=\"og:url\" content=\"https:\/\/9editions.com\/boutique\/produit\/art-et-bonheur-livre-broche\/\" \/>\n<meta property=\"og:site_name\" content=\"9 \u00e9ditions\" \/>\n<meta property=\"article:publisher\" content=\"https:\/\/www.facebook.com\/9editions?ref=bookmarks\" \/>\n<meta property=\"article:modified_time\" content=\"2025-02-25T08:49:23+00:00\" \/>\n<meta property=\"og:image\" content=\"https:\/\/9editions.com\/boutique\/wp-content\/uploads\/2022\/10\/978-2-37727-118-4.jpg\" \/>\n\t<meta property=\"og:image:width\" content=\"1713\" \/>\n\t<meta property=\"og:image:height\" content=\"2363\" \/>\n\t<meta property=\"og:image:type\" content=\"image\/jpeg\" \/>\n<meta name=\"twitter:card\" content=\"summary_large_image\" \/>\n<meta name=\"twitter:site\" content=\"@9_editions\" \/>\n<script type=\"application\/ld+json\" class=\"yoast-schema-graph\">{\"@context\":\"https:\\\/\\\/schema.org\",\"@graph\":[{\"@type\":\"WebPage\",\"@id\":\"https:\\\/\\\/9editions.com\\\/boutique\\\/produit\\\/art-et-bonheur-livre-broche\\\/\",\"url\":\"https:\\\/\\\/9editions.com\\\/boutique\\\/produit\\\/art-et-bonheur-livre-broche\\\/\",\"name\":\"Art et Bonheur (Livre broch\u00e9) - 9 \u00e9ditions\",\"isPartOf\":{\"@id\":\"https:\\\/\\\/9editions.com\\\/boutique\\\/#website\"},\"primaryImageOfPage\":{\"@id\":\"https:\\\/\\\/9editions.com\\\/boutique\\\/produit\\\/art-et-bonheur-livre-broche\\\/#primaryimage\"},\"image\":{\"@id\":\"https:\\\/\\\/9editions.com\\\/boutique\\\/produit\\\/art-et-bonheur-livre-broche\\\/#primaryimage\"},\"thumbnailUrl\":\"https:\\\/\\\/9editions.com\\\/boutique\\\/wp-content\\\/uploads\\\/2022\\\/10\\\/978-2-37727-118-4.jpg\",\"datePublished\":\"2022-10-17T08:49:10+00:00\",\"dateModified\":\"2025-02-25T08:49:23+00:00\",\"description\":\"Catherine CENTANSE est une auteure autodidacte, elle a re\u00e7u la mention du m\u00e9rite po\u00e9tique au concours national Les poesiades. Art et Bonheur\",\"breadcrumb\":{\"@id\":\"https:\\\/\\\/9editions.com\\\/boutique\\\/produit\\\/art-et-bonheur-livre-broche\\\/#breadcrumb\"},\"inLanguage\":\"fr-FR\",\"potentialAction\":[{\"@type\":\"ReadAction\",\"target\":[\"https:\\\/\\\/9editions.com\\\/boutique\\\/produit\\\/art-et-bonheur-livre-broche\\\/\"]}]},{\"@type\":\"ImageObject\",\"inLanguage\":\"fr-FR\",\"@id\":\"https:\\\/\\\/9editions.com\\\/boutique\\\/produit\\\/art-et-bonheur-livre-broche\\\/#primaryimage\",\"url\":\"https:\\\/\\\/9editions.com\\\/boutique\\\/wp-content\\\/uploads\\\/2022\\\/10\\\/978-2-37727-118-4.jpg\",\"contentUrl\":\"https:\\\/\\\/9editions.com\\\/boutique\\\/wp-content\\\/uploads\\\/2022\\\/10\\\/978-2-37727-118-4.jpg\",\"width\":1713,\"height\":2363},{\"@type\":\"BreadcrumbList\",\"@id\":\"https:\\\/\\\/9editions.com\\\/boutique\\\/produit\\\/art-et-bonheur-livre-broche\\\/#breadcrumb\",\"itemListElement\":[{\"@type\":\"ListItem\",\"position\":1,\"name\":\"Accueil\",\"item\":\"https:\\\/\\\/9editions.com\\\/boutique\\\/\"},{\"@type\":\"ListItem\",\"position\":2,\"name\":\"Boutique\",\"item\":\"https:\\\/\\\/9editions.com\\\/boutique\\\/\"},{\"@type\":\"ListItem\",\"position\":3,\"name\":\"Art et Bonheur (Livre broch\u00e9)\"}]},{\"@type\":\"WebSite\",\"@id\":\"https:\\\/\\\/9editions.com\\\/boutique\\\/#website\",\"url\":\"https:\\\/\\\/9editions.com\\\/boutique\\\/\",\"name\":\"9 \u00e9ditions\",\"description\":\"La maison d&#039;\u00e9dition au c\u00f4t\u00e9 des auteurs\",\"publisher\":{\"@id\":\"https:\\\/\\\/9editions.com\\\/boutique\\\/#organization\"},\"potentialAction\":[{\"@type\":\"SearchAction\",\"target\":{\"@type\":\"EntryPoint\",\"urlTemplate\":\"https:\\\/\\\/9editions.com\\\/boutique\\\/?s={search_term_string}\"},\"query-input\":{\"@type\":\"PropertyValueSpecification\",\"valueRequired\":true,\"valueName\":\"search_term_string\"}}],\"inLanguage\":\"fr-FR\"},{\"@type\":\"Organization\",\"@id\":\"https:\\\/\\\/9editions.com\\\/boutique\\\/#organization\",\"name\":\"9 \u00e9ditions\",\"url\":\"https:\\\/\\\/9editions.com\\\/boutique\\\/\",\"logo\":{\"@type\":\"ImageObject\",\"inLanguage\":\"fr-FR\",\"@id\":\"https:\\\/\\\/9editions.com\\\/boutique\\\/#\\\/schema\\\/logo\\\/image\\\/\",\"url\":\"https:\\\/\\\/9editions.com\\\/boutique\\\/wp-content\\\/uploads\\\/2020\\\/03\\\/cropped-9-editions-logo-amazon.jpg\",\"contentUrl\":\"https:\\\/\\\/9editions.com\\\/boutique\\\/wp-content\\\/uploads\\\/2020\\\/03\\\/cropped-9-editions-logo-amazon.jpg\",\"width\":120,\"height\":30,\"caption\":\"9 \u00e9ditions\"},\"image\":{\"@id\":\"https:\\\/\\\/9editions.com\\\/boutique\\\/#\\\/schema\\\/logo\\\/image\\\/\"},\"sameAs\":[\"https:\\\/\\\/www.facebook.com\\\/9editions?ref=bookmarks\",\"https:\\\/\\\/x.com\\\/9_editions\",\"https:\\\/\\\/www.instagram.com\\\/9editions_\\\/\"]}]}<\/script>\n<!-- \/ Yoast SEO plugin. -->","yoast_head_json":{"title":"Art et Bonheur (Livre broch\u00e9) - 9 \u00e9ditions","description":"Catherine CENTANSE est une auteure autodidacte, elle a re\u00e7u la mention du m\u00e9rite po\u00e9tique au concours national Les poesiades. Art et Bonheur","robots":{"index":"index","follow":"follow","max-snippet":"max-snippet:-1","max-image-preview":"max-image-preview:large","max-video-preview":"max-video-preview:-1"},"canonical":"https:\/\/9editions.com\/boutique\/produit\/art-et-bonheur-livre-broche\/","og_locale":"fr_FR","og_type":"article","og_title":"Art et Bonheur (Livre broch\u00e9) - 9 \u00e9ditions","og_description":"Catherine CENTANSE est une auteure autodidacte, elle a re\u00e7u la mention du m\u00e9rite po\u00e9tique au concours national Les poesiades. Art et Bonheur","og_url":"https:\/\/9editions.com\/boutique\/produit\/art-et-bonheur-livre-broche\/","og_site_name":"9 \u00e9ditions","article_publisher":"https:\/\/www.facebook.com\/9editions?ref=bookmarks","article_modified_time":"2025-02-25T08:49:23+00:00","og_image":[{"width":1713,"height":2363,"url":"https:\/\/9editions.com\/boutique\/wp-content\/uploads\/2022\/10\/978-2-37727-118-4.jpg","type":"image\/jpeg"}],"twitter_card":"summary_large_image","twitter_site":"@9_editions","schema":{"@context":"https:\/\/schema.org","@graph":[{"@type":"WebPage","@id":"https:\/\/9editions.com\/boutique\/produit\/art-et-bonheur-livre-broche\/","url":"https:\/\/9editions.com\/boutique\/produit\/art-et-bonheur-livre-broche\/","name":"Art et Bonheur (Livre broch\u00e9) - 9 \u00e9ditions","isPartOf":{"@id":"https:\/\/9editions.com\/boutique\/#website"},"primaryImageOfPage":{"@id":"https:\/\/9editions.com\/boutique\/produit\/art-et-bonheur-livre-broche\/#primaryimage"},"image":{"@id":"https:\/\/9editions.com\/boutique\/produit\/art-et-bonheur-livre-broche\/#primaryimage"},"thumbnailUrl":"https:\/\/9editions.com\/boutique\/wp-content\/uploads\/2022\/10\/978-2-37727-118-4.jpg","datePublished":"2022-10-17T08:49:10+00:00","dateModified":"2025-02-25T08:49:23+00:00","description":"Catherine CENTANSE est une auteure autodidacte, elle a re\u00e7u la mention du m\u00e9rite po\u00e9tique au concours national Les poesiades. Art et Bonheur","breadcrumb":{"@id":"https:\/\/9editions.com\/boutique\/produit\/art-et-bonheur-livre-broche\/#breadcrumb"},"inLanguage":"fr-FR","potentialAction":[{"@type":"ReadAction","target":["https:\/\/9editions.com\/boutique\/produit\/art-et-bonheur-livre-broche\/"]}]},{"@type":"ImageObject","inLanguage":"fr-FR","@id":"https:\/\/9editions.com\/boutique\/produit\/art-et-bonheur-livre-broche\/#primaryimage","url":"https:\/\/9editions.com\/boutique\/wp-content\/uploads\/2022\/10\/978-2-37727-118-4.jpg","contentUrl":"https:\/\/9editions.com\/boutique\/wp-content\/uploads\/2022\/10\/978-2-37727-118-4.jpg","width":1713,"height":2363},{"@type":"BreadcrumbList","@id":"https:\/\/9editions.com\/boutique\/produit\/art-et-bonheur-livre-broche\/#breadcrumb","itemListElement":[{"@type":"ListItem","position":1,"name":"Accueil","item":"https:\/\/9editions.com\/boutique\/"},{"@type":"ListItem","position":2,"name":"Boutique","item":"https:\/\/9editions.com\/boutique\/"},{"@type":"ListItem","position":3,"name":"Art et Bonheur (Livre broch\u00e9)"}]},{"@type":"WebSite","@id":"https:\/\/9editions.com\/boutique\/#website","url":"https:\/\/9editions.com\/boutique\/","name":"9 \u00e9ditions","description":"La maison d&#039;\u00e9dition au c\u00f4t\u00e9 des auteurs","publisher":{"@id":"https:\/\/9editions.com\/boutique\/#organization"},"potentialAction":[{"@type":"SearchAction","target":{"@type":"EntryPoint","urlTemplate":"https:\/\/9editions.com\/boutique\/?s={search_term_string}"},"query-input":{"@type":"PropertyValueSpecification","valueRequired":true,"valueName":"search_term_string"}}],"inLanguage":"fr-FR"},{"@type":"Organization","@id":"https:\/\/9editions.com\/boutique\/#organization","name":"9 \u00e9ditions","url":"https:\/\/9editions.com\/boutique\/","logo":{"@type":"ImageObject","inLanguage":"fr-FR","@id":"https:\/\/9editions.com\/boutique\/#\/schema\/logo\/image\/","url":"https:\/\/9editions.com\/boutique\/wp-content\/uploads\/2020\/03\/cropped-9-editions-logo-amazon.jpg","contentUrl":"https:\/\/9editions.com\/boutique\/wp-content\/uploads\/2020\/03\/cropped-9-editions-logo-amazon.jpg","width":120,"height":30,"caption":"9 \u00e9ditions"},"image":{"@id":"https:\/\/9editions.com\/boutique\/#\/schema\/logo\/image\/"},"sameAs":["https:\/\/www.facebook.com\/9editions?ref=bookmarks","https:\/\/x.com\/9_editions","https:\/\/www.instagram.com\/9editions_\/"]}]}},"jetpack_sharing_enabled":true,"_links":{"self":[{"href":"https:\/\/9editions.com\/boutique\/wp-json\/wp\/v2\/product\/674","targetHints":{"allow":["GET"]}}],"collection":[{"href":"https:\/\/9editions.com\/boutique\/wp-json\/wp\/v2\/product"}],"about":[{"href":"https:\/\/9editions.com\/boutique\/wp-json\/wp\/v2\/types\/product"}],"replies":[{"embeddable":true,"href":"https:\/\/9editions.com\/boutique\/wp-json\/wp\/v2\/comments?post=674"}],"wp:featuredmedia":[{"embeddable":true,"href":"https:\/\/9editions.com\/boutique\/wp-json\/wp\/v2\/media\/675"}],"wp:attachment":[{"href":"https:\/\/9editions.com\/boutique\/wp-json\/wp\/v2\/media?parent=674"}],"wp:term":[{"taxonomy":"product_brand","embeddable":true,"href":"https:\/\/9editions.com\/boutique\/wp-json\/wp\/v2\/product_brand?post=674"},{"taxonomy":"product_cat","embeddable":true,"href":"https:\/\/9editions.com\/boutique\/wp-json\/wp\/v2\/product_cat?post=674"},{"taxonomy":"product_tag","embeddable":true,"href":"https:\/\/9editions.com\/boutique\/wp-json\/wp\/v2\/product_tag?post=674"}],"curies":[{"name":"wp","href":"https:\/\/api.w.org\/{rel}","templated":true}]}}