{"id":500,"date":"2022-10-10T13:40:03","date_gmt":"2022-10-10T11:40:03","guid":{"rendered":"https:\/\/9editions.com\/boutique\/?post_type=product&#038;p=500"},"modified":"2023-01-17T17:42:02","modified_gmt":"2023-01-17T16:42:02","slug":"la-meilleure-facon-de-peter-les-plombs-livre-broche","status":"publish","type":"product","link":"https:\/\/9editions.com\/boutique\/produit\/la-meilleure-facon-de-peter-les-plombs-livre-broche\/","title":{"rendered":"La meilleure fa\u00e7on de p\u00e9ter les plombs (livre broch\u00e9)"},"content":{"rendered":"<p>Revenir les poches vides mais le coeur plein.<\/p>\n<p>Tu as un coup de mou ? Allez, viens faire un tour \u00e0 v\u00e9lo avec moi. Non, non, pas longtemps, juste cinq jours. Tu reviendras le coeur rempli d&rsquo;amour et la t\u00eate de souvenirs.<\/p>\n<p>En septembre 2020, infirmi\u00e8re en vacances pour une semaine, je suis partie sur un coup de t\u00eate avec mon v\u00e9lo et mon sac \u00e0 dos. J&rsquo;ai pris le train jusqu\u2019\u00e0 Avignon, pour revenir en v\u00e9lo sur Saint Rapha\u00ebl.<\/p>\n<p>Moi qui pensais juste souffler, p\u00e9daler seule loin de tout. Eh bien non, ces cinq jours ont \u00e9t\u00e9 tr\u00e8s riches ! De la pr\u00e9paration \u00e0 l&rsquo;arriv\u00e9e. Rencontres et anecdotes \u00e0 ne pas manquer. Apr\u00e8s sollicitation des amis qui m&rsquo;ont suivie sur les r\u00e9seaux, j&rsquo;ai \u00e9crit ce livre pour partager mon exp\u00e9rience.\t<\/p>\n","protected":false},"excerpt":{"rendered":"<p>Tu as un coup de mou ? Allez, viens faire un tour \u00e0 v\u00e9lo avec moi. Non, non, pas longtemps, juste cinq jours. Tu reviendras le coeur rempli d&#039;amour et la t\u00eate de souvenirs.<br \/>\nEn septembre 2020, infirmi\u00e8re en vacances pour une semaine, je suis partie sur un coup de t\u00eate avec mon v\u00e9lo et mon sac \u00e0 dos. J&#039;ai pris le train jusqu\u2019\u00e0 Avignon, pour revenir en v\u00e9lo sur Saint Rapha\u00ebl.<br \/>\nMoi qui pensais juste souffler, p\u00e9daler seule loin de tout. Eh bien non, ces cinq jours ont \u00e9t\u00e9 tr\u00e8s riches ! De la pr\u00e9paration \u00e0 l&#039;arriv\u00e9e. Rencontres et anecdotes \u00e0 ne pas manquer. Apr\u00e8s sollicitation des amis qui m&#039;ont suivie sur les r\u00e9seaux, j&#039;ai \u00e9crit ce livre pour partager mon exp\u00e9rience.\t<\/p>\n","protected":false},"featured_media":499,"comment_status":"open","ping_status":"closed","template":"","meta":[],"product_brand":[],"product_cat":[36,20,32,80],"product_tag":[88,89,90,91],"class_list":{"0":"post-500","1":"product","2":"type-product","3":"status-publish","6":"product_cat-aventures","7":"product_cat-biographie","8":"product_cat-livre-broche","9":"product_cat-societe","10":"product_tag-carnet-de-voyage","11":"product_tag-infirmiere","12":"product_tag-la-meilleure-facon-de-peter-les-plombs","13":"product_tag-thifaine-roussel","14":"product_shipping_class-livre","16":"first","17":"instock","18":"purchasable","19":"product-type-simple"},"yoast_head":"<!-- This site is optimized with the Yoast SEO plugin v27.3 - https:\/\/yoast.com\/product\/yoast-seo-wordpress\/ -->\n<title>La meilleure fa\u00e7on de p\u00e9ter les plombs (livre broch\u00e9) - 9 \u00e9ditions<\/title>\n<meta name=\"description\" content=\"D\u00e9couvrez le carnet de voyage de Thifaine Roussel infirmi\u00e8re La meilleure fa\u00e7on de p\u00e9ter les plombs un d\u00e9fit sportif et de belles rencontres\" \/>\n<meta name=\"robots\" content=\"index, follow, max-snippet:-1, max-image-preview:large, max-video-preview:-1\" \/>\n<link rel=\"canonical\" href=\"https:\/\/9editions.com\/boutique\/produit\/la-meilleure-facon-de-peter-les-plombs-livre-broche\/\" \/>\n<meta property=\"og:locale\" content=\"fr_FR\" \/>\n<meta property=\"og:type\" content=\"article\" \/>\n<meta property=\"og:title\" content=\"La meilleure fa\u00e7on de p\u00e9ter les plombs (livre broch\u00e9) - 9 \u00e9ditions\" \/>\n<meta property=\"og:description\" content=\"D\u00e9couvrez le carnet de voyage de Thifaine Roussel infirmi\u00e8re La meilleure fa\u00e7on de p\u00e9ter les plombs un d\u00e9fit sportif et de belles rencontres\" \/>\n<meta property=\"og:url\" content=\"https:\/\/9editions.com\/boutique\/produit\/la-meilleure-facon-de-peter-les-plombs-livre-broche\/\" \/>\n<meta property=\"og:site_name\" content=\"9 \u00e9ditions\" \/>\n<meta property=\"article:publisher\" content=\"https:\/\/www.facebook.com\/9editions?ref=bookmarks\" \/>\n<meta property=\"article:modified_time\" content=\"2023-01-17T16:42:02+00:00\" \/>\n<meta property=\"og:image\" content=\"https:\/\/9editions.com\/boutique\/wp-content\/uploads\/2022\/10\/9editions-LIVRE-ROUSSEL-Thifaine-La-meilleure-facon-de-peter-les-plombs-FRONT.jpg\" \/>\n\t<meta property=\"og:image:width\" content=\"1760\" \/>\n\t<meta property=\"og:image:height\" content=\"2364\" \/>\n\t<meta property=\"og:image:type\" content=\"image\/jpeg\" \/>\n<meta name=\"twitter:card\" content=\"summary_large_image\" \/>\n<meta name=\"twitter:site\" content=\"@9_editions\" \/>\n<meta name=\"twitter:label1\" content=\"Dur\u00e9e de lecture estim\u00e9e\" \/>\n\t<meta name=\"twitter:data1\" content=\"1 minute\" \/>\n<script type=\"application\/ld+json\" class=\"yoast-schema-graph\">{\"@context\":\"https:\\\/\\\/schema.org\",\"@graph\":[{\"@type\":\"WebPage\",\"@id\":\"https:\\\/\\\/9editions.com\\\/boutique\\\/produit\\\/la-meilleure-facon-de-peter-les-plombs-livre-broche\\\/\",\"url\":\"https:\\\/\\\/9editions.com\\\/boutique\\\/produit\\\/la-meilleure-facon-de-peter-les-plombs-livre-broche\\\/\",\"name\":\"La meilleure fa\u00e7on de p\u00e9ter les plombs (livre broch\u00e9) - 9 \u00e9ditions\",\"isPartOf\":{\"@id\":\"https:\\\/\\\/9editions.com\\\/boutique\\\/#website\"},\"primaryImageOfPage\":{\"@id\":\"https:\\\/\\\/9editions.com\\\/boutique\\\/produit\\\/la-meilleure-facon-de-peter-les-plombs-livre-broche\\\/#primaryimage\"},\"image\":{\"@id\":\"https:\\\/\\\/9editions.com\\\/boutique\\\/produit\\\/la-meilleure-facon-de-peter-les-plombs-livre-broche\\\/#primaryimage\"},\"thumbnailUrl\":\"https:\\\/\\\/9editions.com\\\/boutique\\\/wp-content\\\/uploads\\\/2022\\\/10\\\/9editions-LIVRE-ROUSSEL-Thifaine-La-meilleure-facon-de-peter-les-plombs-FRONT.jpg\",\"datePublished\":\"2022-10-10T11:40:03+00:00\",\"dateModified\":\"2023-01-17T16:42:02+00:00\",\"description\":\"D\u00e9couvrez le carnet de voyage de Thifaine Roussel infirmi\u00e8re La meilleure fa\u00e7on de p\u00e9ter les plombs un d\u00e9fit sportif et de belles rencontres\",\"breadcrumb\":{\"@id\":\"https:\\\/\\\/9editions.com\\\/boutique\\\/produit\\\/la-meilleure-facon-de-peter-les-plombs-livre-broche\\\/#breadcrumb\"},\"inLanguage\":\"fr-FR\",\"potentialAction\":[{\"@type\":\"ReadAction\",\"target\":[\"https:\\\/\\\/9editions.com\\\/boutique\\\/produit\\\/la-meilleure-facon-de-peter-les-plombs-livre-broche\\\/\"]}]},{\"@type\":\"ImageObject\",\"inLanguage\":\"fr-FR\",\"@id\":\"https:\\\/\\\/9editions.com\\\/boutique\\\/produit\\\/la-meilleure-facon-de-peter-les-plombs-livre-broche\\\/#primaryimage\",\"url\":\"https:\\\/\\\/9editions.com\\\/boutique\\\/wp-content\\\/uploads\\\/2022\\\/10\\\/9editions-LIVRE-ROUSSEL-Thifaine-La-meilleure-facon-de-peter-les-plombs-FRONT.jpg\",\"contentUrl\":\"https:\\\/\\\/9editions.com\\\/boutique\\\/wp-content\\\/uploads\\\/2022\\\/10\\\/9editions-LIVRE-ROUSSEL-Thifaine-La-meilleure-facon-de-peter-les-plombs-FRONT.jpg\",\"width\":1760,\"height\":2364},{\"@type\":\"BreadcrumbList\",\"@id\":\"https:\\\/\\\/9editions.com\\\/boutique\\\/produit\\\/la-meilleure-facon-de-peter-les-plombs-livre-broche\\\/#breadcrumb\",\"itemListElement\":[{\"@type\":\"ListItem\",\"position\":1,\"name\":\"Accueil\",\"item\":\"https:\\\/\\\/9editions.com\\\/boutique\\\/\"},{\"@type\":\"ListItem\",\"position\":2,\"name\":\"Boutique\",\"item\":\"https:\\\/\\\/9editions.com\\\/boutique\\\/\"},{\"@type\":\"ListItem\",\"position\":3,\"name\":\"La meilleure fa\u00e7on de p\u00e9ter les plombs (livre broch\u00e9)\"}]},{\"@type\":\"WebSite\",\"@id\":\"https:\\\/\\\/9editions.com\\\/boutique\\\/#website\",\"url\":\"https:\\\/\\\/9editions.com\\\/boutique\\\/\",\"name\":\"9 \u00e9ditions\",\"description\":\"La maison d&#039;\u00e9dition au c\u00f4t\u00e9 des auteurs\",\"publisher\":{\"@id\":\"https:\\\/\\\/9editions.com\\\/boutique\\\/#organization\"},\"potentialAction\":[{\"@type\":\"SearchAction\",\"target\":{\"@type\":\"EntryPoint\",\"urlTemplate\":\"https:\\\/\\\/9editions.com\\\/boutique\\\/?s={search_term_string}\"},\"query-input\":{\"@type\":\"PropertyValueSpecification\",\"valueRequired\":true,\"valueName\":\"search_term_string\"}}],\"inLanguage\":\"fr-FR\"},{\"@type\":\"Organization\",\"@id\":\"https:\\\/\\\/9editions.com\\\/boutique\\\/#organization\",\"name\":\"9 \u00e9ditions\",\"url\":\"https:\\\/\\\/9editions.com\\\/boutique\\\/\",\"logo\":{\"@type\":\"ImageObject\",\"inLanguage\":\"fr-FR\",\"@id\":\"https:\\\/\\\/9editions.com\\\/boutique\\\/#\\\/schema\\\/logo\\\/image\\\/\",\"url\":\"https:\\\/\\\/9editions.com\\\/boutique\\\/wp-content\\\/uploads\\\/2020\\\/03\\\/cropped-9-editions-logo-amazon.jpg\",\"contentUrl\":\"https:\\\/\\\/9editions.com\\\/boutique\\\/wp-content\\\/uploads\\\/2020\\\/03\\\/cropped-9-editions-logo-amazon.jpg\",\"width\":120,\"height\":30,\"caption\":\"9 \u00e9ditions\"},\"image\":{\"@id\":\"https:\\\/\\\/9editions.com\\\/boutique\\\/#\\\/schema\\\/logo\\\/image\\\/\"},\"sameAs\":[\"https:\\\/\\\/www.facebook.com\\\/9editions?ref=bookmarks\",\"https:\\\/\\\/x.com\\\/9_editions\",\"https:\\\/\\\/www.instagram.com\\\/9editions_\\\/\"]}]}<\/script>\n<!-- \/ Yoast SEO plugin. -->","yoast_head_json":{"title":"La meilleure fa\u00e7on de p\u00e9ter les plombs (livre broch\u00e9) - 9 \u00e9ditions","description":"D\u00e9couvrez le carnet de voyage de Thifaine Roussel infirmi\u00e8re La meilleure fa\u00e7on de p\u00e9ter les plombs un d\u00e9fit sportif et de belles rencontres","robots":{"index":"index","follow":"follow","max-snippet":"max-snippet:-1","max-image-preview":"max-image-preview:large","max-video-preview":"max-video-preview:-1"},"canonical":"https:\/\/9editions.com\/boutique\/produit\/la-meilleure-facon-de-peter-les-plombs-livre-broche\/","og_locale":"fr_FR","og_type":"article","og_title":"La meilleure fa\u00e7on de p\u00e9ter les plombs (livre broch\u00e9) - 9 \u00e9ditions","og_description":"D\u00e9couvrez le carnet de voyage de Thifaine Roussel infirmi\u00e8re La meilleure fa\u00e7on de p\u00e9ter les plombs un d\u00e9fit sportif et de belles rencontres","og_url":"https:\/\/9editions.com\/boutique\/produit\/la-meilleure-facon-de-peter-les-plombs-livre-broche\/","og_site_name":"9 \u00e9ditions","article_publisher":"https:\/\/www.facebook.com\/9editions?ref=bookmarks","article_modified_time":"2023-01-17T16:42:02+00:00","og_image":[{"width":1760,"height":2364,"url":"https:\/\/9editions.com\/boutique\/wp-content\/uploads\/2022\/10\/9editions-LIVRE-ROUSSEL-Thifaine-La-meilleure-facon-de-peter-les-plombs-FRONT.jpg","type":"image\/jpeg"}],"twitter_card":"summary_large_image","twitter_site":"@9_editions","twitter_misc":{"Dur\u00e9e de lecture estim\u00e9e":"1 minute"},"schema":{"@context":"https:\/\/schema.org","@graph":[{"@type":"WebPage","@id":"https:\/\/9editions.com\/boutique\/produit\/la-meilleure-facon-de-peter-les-plombs-livre-broche\/","url":"https:\/\/9editions.com\/boutique\/produit\/la-meilleure-facon-de-peter-les-plombs-livre-broche\/","name":"La meilleure fa\u00e7on de p\u00e9ter les plombs (livre broch\u00e9) - 9 \u00e9ditions","isPartOf":{"@id":"https:\/\/9editions.com\/boutique\/#website"},"primaryImageOfPage":{"@id":"https:\/\/9editions.com\/boutique\/produit\/la-meilleure-facon-de-peter-les-plombs-livre-broche\/#primaryimage"},"image":{"@id":"https:\/\/9editions.com\/boutique\/produit\/la-meilleure-facon-de-peter-les-plombs-livre-broche\/#primaryimage"},"thumbnailUrl":"https:\/\/9editions.com\/boutique\/wp-content\/uploads\/2022\/10\/9editions-LIVRE-ROUSSEL-Thifaine-La-meilleure-facon-de-peter-les-plombs-FRONT.jpg","datePublished":"2022-10-10T11:40:03+00:00","dateModified":"2023-01-17T16:42:02+00:00","description":"D\u00e9couvrez le carnet de voyage de Thifaine Roussel infirmi\u00e8re La meilleure fa\u00e7on de p\u00e9ter les plombs un d\u00e9fit sportif et de belles rencontres","breadcrumb":{"@id":"https:\/\/9editions.com\/boutique\/produit\/la-meilleure-facon-de-peter-les-plombs-livre-broche\/#breadcrumb"},"inLanguage":"fr-FR","potentialAction":[{"@type":"ReadAction","target":["https:\/\/9editions.com\/boutique\/produit\/la-meilleure-facon-de-peter-les-plombs-livre-broche\/"]}]},{"@type":"ImageObject","inLanguage":"fr-FR","@id":"https:\/\/9editions.com\/boutique\/produit\/la-meilleure-facon-de-peter-les-plombs-livre-broche\/#primaryimage","url":"https:\/\/9editions.com\/boutique\/wp-content\/uploads\/2022\/10\/9editions-LIVRE-ROUSSEL-Thifaine-La-meilleure-facon-de-peter-les-plombs-FRONT.jpg","contentUrl":"https:\/\/9editions.com\/boutique\/wp-content\/uploads\/2022\/10\/9editions-LIVRE-ROUSSEL-Thifaine-La-meilleure-facon-de-peter-les-plombs-FRONT.jpg","width":1760,"height":2364},{"@type":"BreadcrumbList","@id":"https:\/\/9editions.com\/boutique\/produit\/la-meilleure-facon-de-peter-les-plombs-livre-broche\/#breadcrumb","itemListElement":[{"@type":"ListItem","position":1,"name":"Accueil","item":"https:\/\/9editions.com\/boutique\/"},{"@type":"ListItem","position":2,"name":"Boutique","item":"https:\/\/9editions.com\/boutique\/"},{"@type":"ListItem","position":3,"name":"La meilleure fa\u00e7on de p\u00e9ter les plombs (livre broch\u00e9)"}]},{"@type":"WebSite","@id":"https:\/\/9editions.com\/boutique\/#website","url":"https:\/\/9editions.com\/boutique\/","name":"9 \u00e9ditions","description":"La maison d&#039;\u00e9dition au c\u00f4t\u00e9 des auteurs","publisher":{"@id":"https:\/\/9editions.com\/boutique\/#organization"},"potentialAction":[{"@type":"SearchAction","target":{"@type":"EntryPoint","urlTemplate":"https:\/\/9editions.com\/boutique\/?s={search_term_string}"},"query-input":{"@type":"PropertyValueSpecification","valueRequired":true,"valueName":"search_term_string"}}],"inLanguage":"fr-FR"},{"@type":"Organization","@id":"https:\/\/9editions.com\/boutique\/#organization","name":"9 \u00e9ditions","url":"https:\/\/9editions.com\/boutique\/","logo":{"@type":"ImageObject","inLanguage":"fr-FR","@id":"https:\/\/9editions.com\/boutique\/#\/schema\/logo\/image\/","url":"https:\/\/9editions.com\/boutique\/wp-content\/uploads\/2020\/03\/cropped-9-editions-logo-amazon.jpg","contentUrl":"https:\/\/9editions.com\/boutique\/wp-content\/uploads\/2020\/03\/cropped-9-editions-logo-amazon.jpg","width":120,"height":30,"caption":"9 \u00e9ditions"},"image":{"@id":"https:\/\/9editions.com\/boutique\/#\/schema\/logo\/image\/"},"sameAs":["https:\/\/www.facebook.com\/9editions?ref=bookmarks","https:\/\/x.com\/9_editions","https:\/\/www.instagram.com\/9editions_\/"]}]}},"jetpack_sharing_enabled":true,"_links":{"self":[{"href":"https:\/\/9editions.com\/boutique\/wp-json\/wp\/v2\/product\/500","targetHints":{"allow":["GET"]}}],"collection":[{"href":"https:\/\/9editions.com\/boutique\/wp-json\/wp\/v2\/product"}],"about":[{"href":"https:\/\/9editions.com\/boutique\/wp-json\/wp\/v2\/types\/product"}],"replies":[{"embeddable":true,"href":"https:\/\/9editions.com\/boutique\/wp-json\/wp\/v2\/comments?post=500"}],"wp:featuredmedia":[{"embeddable":true,"href":"https:\/\/9editions.com\/boutique\/wp-json\/wp\/v2\/media\/499"}],"wp:attachment":[{"href":"https:\/\/9editions.com\/boutique\/wp-json\/wp\/v2\/media?parent=500"}],"wp:term":[{"taxonomy":"product_brand","embeddable":true,"href":"https:\/\/9editions.com\/boutique\/wp-json\/wp\/v2\/product_brand?post=500"},{"taxonomy":"product_cat","embeddable":true,"href":"https:\/\/9editions.com\/boutique\/wp-json\/wp\/v2\/product_cat?post=500"},{"taxonomy":"product_tag","embeddable":true,"href":"https:\/\/9editions.com\/boutique\/wp-json\/wp\/v2\/product_tag?post=500"}],"curies":[{"name":"wp","href":"https:\/\/api.w.org\/{rel}","templated":true}]}}