{"id":3006,"date":"2025-06-30T15:06:39","date_gmt":"2025-06-30T13:06:39","guid":{"rendered":"https:\/\/9editions.com\/boutique\/?post_type=product&#038;p=3006"},"modified":"2025-07-11T12:08:40","modified_gmt":"2025-07-11T10:08:40","slug":"histoire-du-totem-en-frontal-temoin-dune-memoire-esthetique-2","status":"publish","type":"product","link":"https:\/\/9editions.com\/boutique\/produit\/histoire-du-totem-en-frontal-temoin-dune-memoire-esthetique-2\/","title":{"rendered":"Histoire du Totem en Frontal t\u00e9moin d&rsquo;une m\u00e9moire esth\u00e9tique"},"content":{"rendered":"<p>Dans cet ouvrage, l\u2019auteure se rappelle d\u2019un parcours atypique \u00e9maill\u00e9 de signes du hasard, de co\u00efncidences troublantes, d\u2019\u00e9motions surprenantes dans son enfance et son adolescence. Un jour, le destin frappe enfin \u00e0 sa porte : des rencontres d\u00e9terminantes et des signes ressentis pour lui signifier sa vraie vocation : artiste peintre. Pendant des ann\u00e9es, ses recherches ethno-picturales l\u2019am\u00e8nent \u00e0 extrapoler toutes les formes cognitives du signe, des symboles et un code-couleurs signifiant, \u00e9voquant les civilisations lointaines et l\u2019\u00e9volution fragile de l\u2019\u00eatre humain, tout comme notre futur.<\/p>\n<p>Elle cr\u00e9e un nouveau langage celui d\u2019une m\u00e9moire arch\u00e9ologique intemporelle et transculturelle, r\u00e9pondant \u00e0 une nouvelle vision consciente voire inconsciente et tridimensionnelle de l\u2019Art contemporain : le TOTEM EN FRONTAL. Jacqueline Morandini impose son style aux premiers rangs de l\u2019art abstrait international. Dans cette monographie, l\u2019artiste a souhait\u00e9 vous emmener en promenade sur une Terra Incognita avec de nouvelles r\u00e9ponses in\u00e9dites \u00e0 la question \u00ab\u00a0Que nous apprend le pass\u00e9 sur notre futur\u00a0?\u00a0\u00bb<\/p>\n","protected":false},"excerpt":{"rendered":"<p>Jacqueline Morandini Artiste Peintre se d\u00e9finit au niveau international comme un chercheur en art depuis des d\u00e9cennies. A partir de la m\u00e9moire disparue du lointain pass\u00e9 de nos civilisations, elle construit une iconographie abstraite sens-signes et une grammaire colorique, un langage innovant pour mieux nous livrer ses messages humanistes et intemporels de civilisation sur le devenir de l\u2019Homme et de la Plan\u00e8te. Le concept du TOTEM EN FRONTAL \u00e9tait n\u00e9e. \u00a0Au cours de ces 25 derni\u00e8res ann\u00e9es, elle encha\u00eene les salons et expositions, les prix et les Troph\u00e9es\u00a0: en Europe, aux Etats-Unis, au Canada, au Japon, en Cor\u00e9e du Sud\u2026<\/p>\n<p>Auteure, sa monographie relate son parcours atypique de vie artistique et son art engag\u00e9.<\/p>\n","protected":false},"featured_media":2994,"comment_status":"open","ping_status":"closed","template":"","meta":[],"product_brand":[],"product_cat":[515,32,514],"product_tag":[518,517,516,520,519],"class_list":{"0":"post-3006","1":"product","2":"type-product","3":"status-publish","6":"product_cat-art","7":"product_cat-livre-broche","8":"product_cat-monographie","9":"product_tag-histoire-du-totem-en-frontal-temoin-dune-memoire-esthetique","10":"product_tag-jacqueline-morandini","11":"product_tag-monographie","12":"product_tag-oeuvre-dart","13":"product_tag-peinture","14":"product_shipping_class-livre","16":"first","17":"instock","18":"purchasable","19":"product-type-simple"},"yoast_head":"<!-- This site is optimized with the Yoast SEO plugin v27.3 - https:\/\/yoast.com\/product\/yoast-seo-wordpress\/ -->\n<title>Histoire du Totem en Frontal t\u00e9moin d&#039;une m\u00e9moire esth\u00e9tique - 9 \u00e9ditions<\/title>\n<meta name=\"description\" content=\"Commandez la monographie de Jacqueline Morandini, Artiste Peintre et auteure \u00e0 Cannes. Histoire du Totem en Frontal t\u00e9moin d&#039;une m\u00e9moire esth\u00e9tique\" \/>\n<meta name=\"robots\" content=\"index, follow, max-snippet:-1, max-image-preview:large, max-video-preview:-1\" \/>\n<link rel=\"canonical\" href=\"https:\/\/9editions.com\/boutique\/produit\/histoire-du-totem-en-frontal-temoin-dune-memoire-esthetique-2\/\" \/>\n<meta property=\"og:locale\" content=\"fr_FR\" \/>\n<meta property=\"og:type\" content=\"article\" \/>\n<meta property=\"og:title\" content=\"Histoire du Totem en Frontal t\u00e9moin d&#039;une m\u00e9moire esth\u00e9tique - 9 \u00e9ditions\" \/>\n<meta property=\"og:description\" content=\"Commandez la monographie de Jacqueline Morandini, Artiste Peintre et auteure \u00e0 Cannes. Histoire du Totem en Frontal t\u00e9moin d&#039;une m\u00e9moire esth\u00e9tique\" \/>\n<meta property=\"og:url\" content=\"https:\/\/9editions.com\/boutique\/produit\/histoire-du-totem-en-frontal-temoin-dune-memoire-esthetique-2\/\" \/>\n<meta property=\"og:site_name\" content=\"9 \u00e9ditions\" \/>\n<meta property=\"article:publisher\" content=\"https:\/\/www.facebook.com\/9editions?ref=bookmarks\" \/>\n<meta property=\"article:modified_time\" content=\"2025-07-11T10:08:40+00:00\" \/>\n<meta property=\"og:image\" content=\"https:\/\/9editions.com\/boutique\/wp-content\/uploads\/2025\/06\/9782377271931_1.jpg\" \/>\n\t<meta property=\"og:image:width\" content=\"1714\" \/>\n\t<meta property=\"og:image:height\" content=\"2364\" \/>\n\t<meta property=\"og:image:type\" content=\"image\/jpeg\" \/>\n<meta name=\"twitter:card\" content=\"summary_large_image\" \/>\n<meta name=\"twitter:site\" content=\"@9_editions\" \/>\n<meta name=\"twitter:label1\" content=\"Dur\u00e9e de lecture estim\u00e9e\" \/>\n\t<meta name=\"twitter:data1\" content=\"1 minute\" \/>\n<script type=\"application\/ld+json\" class=\"yoast-schema-graph\">{\"@context\":\"https:\\\/\\\/schema.org\",\"@graph\":[{\"@type\":\"WebPage\",\"@id\":\"https:\\\/\\\/9editions.com\\\/boutique\\\/produit\\\/histoire-du-totem-en-frontal-temoin-dune-memoire-esthetique-2\\\/\",\"url\":\"https:\\\/\\\/9editions.com\\\/boutique\\\/produit\\\/histoire-du-totem-en-frontal-temoin-dune-memoire-esthetique-2\\\/\",\"name\":\"Histoire du Totem en Frontal t\u00e9moin d'une m\u00e9moire esth\u00e9tique - 9 \u00e9ditions\",\"isPartOf\":{\"@id\":\"https:\\\/\\\/9editions.com\\\/boutique\\\/#website\"},\"primaryImageOfPage\":{\"@id\":\"https:\\\/\\\/9editions.com\\\/boutique\\\/produit\\\/histoire-du-totem-en-frontal-temoin-dune-memoire-esthetique-2\\\/#primaryimage\"},\"image\":{\"@id\":\"https:\\\/\\\/9editions.com\\\/boutique\\\/produit\\\/histoire-du-totem-en-frontal-temoin-dune-memoire-esthetique-2\\\/#primaryimage\"},\"thumbnailUrl\":\"https:\\\/\\\/9editions.com\\\/boutique\\\/wp-content\\\/uploads\\\/2025\\\/06\\\/9782377271931_1.jpg\",\"datePublished\":\"2025-06-30T13:06:39+00:00\",\"dateModified\":\"2025-07-11T10:08:40+00:00\",\"description\":\"Commandez la monographie de Jacqueline Morandini, Artiste Peintre et auteure \u00e0 Cannes. Histoire du Totem en Frontal t\u00e9moin d'une m\u00e9moire esth\u00e9tique\",\"breadcrumb\":{\"@id\":\"https:\\\/\\\/9editions.com\\\/boutique\\\/produit\\\/histoire-du-totem-en-frontal-temoin-dune-memoire-esthetique-2\\\/#breadcrumb\"},\"inLanguage\":\"fr-FR\",\"potentialAction\":[{\"@type\":\"ReadAction\",\"target\":[\"https:\\\/\\\/9editions.com\\\/boutique\\\/produit\\\/histoire-du-totem-en-frontal-temoin-dune-memoire-esthetique-2\\\/\"]}]},{\"@type\":\"ImageObject\",\"inLanguage\":\"fr-FR\",\"@id\":\"https:\\\/\\\/9editions.com\\\/boutique\\\/produit\\\/histoire-du-totem-en-frontal-temoin-dune-memoire-esthetique-2\\\/#primaryimage\",\"url\":\"https:\\\/\\\/9editions.com\\\/boutique\\\/wp-content\\\/uploads\\\/2025\\\/06\\\/9782377271931_1.jpg\",\"contentUrl\":\"https:\\\/\\\/9editions.com\\\/boutique\\\/wp-content\\\/uploads\\\/2025\\\/06\\\/9782377271931_1.jpg\",\"width\":1714,\"height\":2364,\"caption\":\"Histoire du Totem en Frontal t\u00e9moin d\u2019une m\u00e9moire esth\u00e9tique\"},{\"@type\":\"BreadcrumbList\",\"@id\":\"https:\\\/\\\/9editions.com\\\/boutique\\\/produit\\\/histoire-du-totem-en-frontal-temoin-dune-memoire-esthetique-2\\\/#breadcrumb\",\"itemListElement\":[{\"@type\":\"ListItem\",\"position\":1,\"name\":\"Accueil\",\"item\":\"https:\\\/\\\/9editions.com\\\/boutique\\\/\"},{\"@type\":\"ListItem\",\"position\":2,\"name\":\"Boutique\",\"item\":\"https:\\\/\\\/9editions.com\\\/boutique\\\/\"},{\"@type\":\"ListItem\",\"position\":3,\"name\":\"Histoire du Totem en Frontal t\u00e9moin d&rsquo;une m\u00e9moire esth\u00e9tique\"}]},{\"@type\":\"WebSite\",\"@id\":\"https:\\\/\\\/9editions.com\\\/boutique\\\/#website\",\"url\":\"https:\\\/\\\/9editions.com\\\/boutique\\\/\",\"name\":\"9 \u00e9ditions\",\"description\":\"La maison d&#039;\u00e9dition au c\u00f4t\u00e9 des auteurs\",\"publisher\":{\"@id\":\"https:\\\/\\\/9editions.com\\\/boutique\\\/#organization\"},\"potentialAction\":[{\"@type\":\"SearchAction\",\"target\":{\"@type\":\"EntryPoint\",\"urlTemplate\":\"https:\\\/\\\/9editions.com\\\/boutique\\\/?s={search_term_string}\"},\"query-input\":{\"@type\":\"PropertyValueSpecification\",\"valueRequired\":true,\"valueName\":\"search_term_string\"}}],\"inLanguage\":\"fr-FR\"},{\"@type\":\"Organization\",\"@id\":\"https:\\\/\\\/9editions.com\\\/boutique\\\/#organization\",\"name\":\"9 \u00e9ditions\",\"url\":\"https:\\\/\\\/9editions.com\\\/boutique\\\/\",\"logo\":{\"@type\":\"ImageObject\",\"inLanguage\":\"fr-FR\",\"@id\":\"https:\\\/\\\/9editions.com\\\/boutique\\\/#\\\/schema\\\/logo\\\/image\\\/\",\"url\":\"https:\\\/\\\/9editions.com\\\/boutique\\\/wp-content\\\/uploads\\\/2020\\\/03\\\/cropped-9-editions-logo-amazon.jpg\",\"contentUrl\":\"https:\\\/\\\/9editions.com\\\/boutique\\\/wp-content\\\/uploads\\\/2020\\\/03\\\/cropped-9-editions-logo-amazon.jpg\",\"width\":120,\"height\":30,\"caption\":\"9 \u00e9ditions\"},\"image\":{\"@id\":\"https:\\\/\\\/9editions.com\\\/boutique\\\/#\\\/schema\\\/logo\\\/image\\\/\"},\"sameAs\":[\"https:\\\/\\\/www.facebook.com\\\/9editions?ref=bookmarks\",\"https:\\\/\\\/x.com\\\/9_editions\",\"https:\\\/\\\/www.instagram.com\\\/9editions_\\\/\"]}]}<\/script>\n<!-- \/ Yoast SEO plugin. -->","yoast_head_json":{"title":"Histoire du Totem en Frontal t\u00e9moin d'une m\u00e9moire esth\u00e9tique - 9 \u00e9ditions","description":"Commandez la monographie de Jacqueline Morandini, Artiste Peintre et auteure \u00e0 Cannes. Histoire du Totem en Frontal t\u00e9moin d'une m\u00e9moire esth\u00e9tique","robots":{"index":"index","follow":"follow","max-snippet":"max-snippet:-1","max-image-preview":"max-image-preview:large","max-video-preview":"max-video-preview:-1"},"canonical":"https:\/\/9editions.com\/boutique\/produit\/histoire-du-totem-en-frontal-temoin-dune-memoire-esthetique-2\/","og_locale":"fr_FR","og_type":"article","og_title":"Histoire du Totem en Frontal t\u00e9moin d'une m\u00e9moire esth\u00e9tique - 9 \u00e9ditions","og_description":"Commandez la monographie de Jacqueline Morandini, Artiste Peintre et auteure \u00e0 Cannes. Histoire du Totem en Frontal t\u00e9moin d'une m\u00e9moire esth\u00e9tique","og_url":"https:\/\/9editions.com\/boutique\/produit\/histoire-du-totem-en-frontal-temoin-dune-memoire-esthetique-2\/","og_site_name":"9 \u00e9ditions","article_publisher":"https:\/\/www.facebook.com\/9editions?ref=bookmarks","article_modified_time":"2025-07-11T10:08:40+00:00","og_image":[{"width":1714,"height":2364,"url":"https:\/\/9editions.com\/boutique\/wp-content\/uploads\/2025\/06\/9782377271931_1.jpg","type":"image\/jpeg"}],"twitter_card":"summary_large_image","twitter_site":"@9_editions","twitter_misc":{"Dur\u00e9e de lecture estim\u00e9e":"1 minute"},"schema":{"@context":"https:\/\/schema.org","@graph":[{"@type":"WebPage","@id":"https:\/\/9editions.com\/boutique\/produit\/histoire-du-totem-en-frontal-temoin-dune-memoire-esthetique-2\/","url":"https:\/\/9editions.com\/boutique\/produit\/histoire-du-totem-en-frontal-temoin-dune-memoire-esthetique-2\/","name":"Histoire du Totem en Frontal t\u00e9moin d'une m\u00e9moire esth\u00e9tique - 9 \u00e9ditions","isPartOf":{"@id":"https:\/\/9editions.com\/boutique\/#website"},"primaryImageOfPage":{"@id":"https:\/\/9editions.com\/boutique\/produit\/histoire-du-totem-en-frontal-temoin-dune-memoire-esthetique-2\/#primaryimage"},"image":{"@id":"https:\/\/9editions.com\/boutique\/produit\/histoire-du-totem-en-frontal-temoin-dune-memoire-esthetique-2\/#primaryimage"},"thumbnailUrl":"https:\/\/9editions.com\/boutique\/wp-content\/uploads\/2025\/06\/9782377271931_1.jpg","datePublished":"2025-06-30T13:06:39+00:00","dateModified":"2025-07-11T10:08:40+00:00","description":"Commandez la monographie de Jacqueline Morandini, Artiste Peintre et auteure \u00e0 Cannes. Histoire du Totem en Frontal t\u00e9moin d'une m\u00e9moire esth\u00e9tique","breadcrumb":{"@id":"https:\/\/9editions.com\/boutique\/produit\/histoire-du-totem-en-frontal-temoin-dune-memoire-esthetique-2\/#breadcrumb"},"inLanguage":"fr-FR","potentialAction":[{"@type":"ReadAction","target":["https:\/\/9editions.com\/boutique\/produit\/histoire-du-totem-en-frontal-temoin-dune-memoire-esthetique-2\/"]}]},{"@type":"ImageObject","inLanguage":"fr-FR","@id":"https:\/\/9editions.com\/boutique\/produit\/histoire-du-totem-en-frontal-temoin-dune-memoire-esthetique-2\/#primaryimage","url":"https:\/\/9editions.com\/boutique\/wp-content\/uploads\/2025\/06\/9782377271931_1.jpg","contentUrl":"https:\/\/9editions.com\/boutique\/wp-content\/uploads\/2025\/06\/9782377271931_1.jpg","width":1714,"height":2364,"caption":"Histoire du Totem en Frontal t\u00e9moin d\u2019une m\u00e9moire esth\u00e9tique"},{"@type":"BreadcrumbList","@id":"https:\/\/9editions.com\/boutique\/produit\/histoire-du-totem-en-frontal-temoin-dune-memoire-esthetique-2\/#breadcrumb","itemListElement":[{"@type":"ListItem","position":1,"name":"Accueil","item":"https:\/\/9editions.com\/boutique\/"},{"@type":"ListItem","position":2,"name":"Boutique","item":"https:\/\/9editions.com\/boutique\/"},{"@type":"ListItem","position":3,"name":"Histoire du Totem en Frontal t\u00e9moin d&rsquo;une m\u00e9moire esth\u00e9tique"}]},{"@type":"WebSite","@id":"https:\/\/9editions.com\/boutique\/#website","url":"https:\/\/9editions.com\/boutique\/","name":"9 \u00e9ditions","description":"La maison d&#039;\u00e9dition au c\u00f4t\u00e9 des auteurs","publisher":{"@id":"https:\/\/9editions.com\/boutique\/#organization"},"potentialAction":[{"@type":"SearchAction","target":{"@type":"EntryPoint","urlTemplate":"https:\/\/9editions.com\/boutique\/?s={search_term_string}"},"query-input":{"@type":"PropertyValueSpecification","valueRequired":true,"valueName":"search_term_string"}}],"inLanguage":"fr-FR"},{"@type":"Organization","@id":"https:\/\/9editions.com\/boutique\/#organization","name":"9 \u00e9ditions","url":"https:\/\/9editions.com\/boutique\/","logo":{"@type":"ImageObject","inLanguage":"fr-FR","@id":"https:\/\/9editions.com\/boutique\/#\/schema\/logo\/image\/","url":"https:\/\/9editions.com\/boutique\/wp-content\/uploads\/2020\/03\/cropped-9-editions-logo-amazon.jpg","contentUrl":"https:\/\/9editions.com\/boutique\/wp-content\/uploads\/2020\/03\/cropped-9-editions-logo-amazon.jpg","width":120,"height":30,"caption":"9 \u00e9ditions"},"image":{"@id":"https:\/\/9editions.com\/boutique\/#\/schema\/logo\/image\/"},"sameAs":["https:\/\/www.facebook.com\/9editions?ref=bookmarks","https:\/\/x.com\/9_editions","https:\/\/www.instagram.com\/9editions_\/"]}]}},"jetpack_sharing_enabled":true,"_links":{"self":[{"href":"https:\/\/9editions.com\/boutique\/wp-json\/wp\/v2\/product\/3006","targetHints":{"allow":["GET"]}}],"collection":[{"href":"https:\/\/9editions.com\/boutique\/wp-json\/wp\/v2\/product"}],"about":[{"href":"https:\/\/9editions.com\/boutique\/wp-json\/wp\/v2\/types\/product"}],"replies":[{"embeddable":true,"href":"https:\/\/9editions.com\/boutique\/wp-json\/wp\/v2\/comments?post=3006"}],"wp:featuredmedia":[{"embeddable":true,"href":"https:\/\/9editions.com\/boutique\/wp-json\/wp\/v2\/media\/2994"}],"wp:attachment":[{"href":"https:\/\/9editions.com\/boutique\/wp-json\/wp\/v2\/media?parent=3006"}],"wp:term":[{"taxonomy":"product_brand","embeddable":true,"href":"https:\/\/9editions.com\/boutique\/wp-json\/wp\/v2\/product_brand?post=3006"},{"taxonomy":"product_cat","embeddable":true,"href":"https:\/\/9editions.com\/boutique\/wp-json\/wp\/v2\/product_cat?post=3006"},{"taxonomy":"product_tag","embeddable":true,"href":"https:\/\/9editions.com\/boutique\/wp-json\/wp\/v2\/product_tag?post=3006"}],"curies":[{"name":"wp","href":"https:\/\/api.w.org\/{rel}","templated":true}]}}