{"id":2527,"date":"2023-09-18T14:11:09","date_gmt":"2023-09-18T12:11:09","guid":{"rendered":"https:\/\/9editions.com\/boutique\/?post_type=product&#038;p=2527"},"modified":"2026-03-02T13:49:19","modified_gmt":"2026-03-02T12:49:19","slug":"ysantu","status":"publish","type":"product","link":"https:\/\/9editions.com\/boutique\/produit\/ysantu\/","title":{"rendered":"YSANTU"},"content":{"rendered":"<p>Ce conte va nous emmener dans une \u00e9poque lointaine o\u00f9 les tortues \u00e9taient tr\u00e8s diff\u00e9rentes de celles\u00a0 d\u2019aujourd\u2019hui.<\/p>\n<p>L\u2019une d\u2019entre elles, Ysantu, courageuse, est d\u00e9termin\u00e9e \u00e0 trouver la joie. Dans son aventure, elle va rencontrer de multiples animaux qui vont la guider. Saura-t-elle les entendre ?<\/p>\n","protected":false},"excerpt":{"rendered":"<p>Tout droit sorti de mon coeur et au regard de mes exp\u00e9riences de vie et de th\u00e9rapeute, ce conte a germ\u00e9 comme un outil magnifique pour faire rayonner mes pens\u00e9es et pour que les parents de demain soient \u00e0 la hauteur des enfants de l\u2019avenir.<\/p>\n<p>Nous r\u00e9coltons dans le monde d\u2019aujourd\u2019hui ce qui a \u00e9t\u00e9 sem\u00e9\u00a0 dans le pass\u00e9. Si nous voulons que le futur se d\u00e9roule dans la paix, c\u2019est dans le pr\u00e9sent et le coeur de chaque \u00eatre humain qu\u2019il doit \u00eatre cr\u00e9\u00e9. C\u2019est maintenant que tout se passe et que parents et enfants peuvent s\u2019\u00e9veiller&#8230;.<\/p>\n","protected":false},"featured_media":2528,"comment_status":"open","ping_status":"closed","template":"","meta":[],"product_brand":[],"product_cat":[170,32],"product_tag":[247,244,246,173,245],"class_list":{"0":"post-2527","1":"product","2":"type-product","3":"status-publish","6":"product_cat-jeunesse","7":"product_cat-livre-broche","8":"product_tag-apprendre-ensemble","9":"product_tag-conte-pour-enfants","10":"product_tag-ecologie","11":"product_tag-fabrice-allia","12":"product_tag-ysantu","13":"product_shipping_class-livret","15":"first","16":"instock","17":"purchasable","18":"product-type-simple"},"yoast_head":"<!-- This site is optimized with the Yoast SEO plugin v27.3 - https:\/\/yoast.com\/product\/yoast-seo-wordpress\/ -->\n<title>YSANTU - 9 \u00e9ditions<\/title>\n<meta name=\"description\" content=\"Voici le nouveau conte illustr\u00e9 de Fabrice Allia, qui nous fait d\u00e9couvrir le voyage et les r\u00e9flexions d&#039;Ysantu la petite tortue de mer. Livre pour enfant\" \/>\n<meta name=\"robots\" content=\"index, follow, max-snippet:-1, max-image-preview:large, max-video-preview:-1\" \/>\n<link rel=\"canonical\" href=\"https:\/\/9editions.com\/boutique\/produit\/ysantu\/\" \/>\n<meta property=\"og:locale\" content=\"fr_FR\" \/>\n<meta property=\"og:type\" content=\"article\" \/>\n<meta property=\"og:title\" content=\"YSANTU - 9 \u00e9ditions\" \/>\n<meta property=\"og:description\" content=\"Voici le nouveau conte illustr\u00e9 de Fabrice Allia, qui nous fait d\u00e9couvrir le voyage et les r\u00e9flexions d&#039;Ysantu la petite tortue de mer. Livre pour enfant\" \/>\n<meta property=\"og:url\" content=\"https:\/\/9editions.com\/boutique\/produit\/ysantu\/\" \/>\n<meta property=\"og:site_name\" content=\"9 \u00e9ditions\" \/>\n<meta property=\"article:publisher\" content=\"https:\/\/www.facebook.com\/9editions?ref=bookmarks\" \/>\n<meta property=\"article:modified_time\" content=\"2026-03-02T12:49:19+00:00\" \/>\n<meta property=\"og:image\" content=\"https:\/\/9editions.com\/boutique\/wp-content\/uploads\/2023\/09\/978-2-37727-168-9-1.jpg\" \/>\n\t<meta property=\"og:image:width\" content=\"1814\" \/>\n\t<meta property=\"og:image:height\" content=\"2521\" \/>\n\t<meta property=\"og:image:type\" content=\"image\/jpeg\" \/>\n<meta name=\"twitter:card\" content=\"summary_large_image\" \/>\n<meta name=\"twitter:site\" content=\"@9_editions\" \/>\n<meta name=\"twitter:label1\" content=\"Dur\u00e9e de lecture estim\u00e9e\" \/>\n\t<meta name=\"twitter:data1\" content=\"1 minute\" \/>\n<script type=\"application\/ld+json\" class=\"yoast-schema-graph\">{\"@context\":\"https:\\\/\\\/schema.org\",\"@graph\":[{\"@type\":\"WebPage\",\"@id\":\"https:\\\/\\\/9editions.com\\\/boutique\\\/produit\\\/ysantu\\\/\",\"url\":\"https:\\\/\\\/9editions.com\\\/boutique\\\/produit\\\/ysantu\\\/\",\"name\":\"YSANTU - 9 \u00e9ditions\",\"isPartOf\":{\"@id\":\"https:\\\/\\\/9editions.com\\\/boutique\\\/#website\"},\"primaryImageOfPage\":{\"@id\":\"https:\\\/\\\/9editions.com\\\/boutique\\\/produit\\\/ysantu\\\/#primaryimage\"},\"image\":{\"@id\":\"https:\\\/\\\/9editions.com\\\/boutique\\\/produit\\\/ysantu\\\/#primaryimage\"},\"thumbnailUrl\":\"https:\\\/\\\/9editions.com\\\/boutique\\\/wp-content\\\/uploads\\\/2023\\\/09\\\/978-2-37727-168-9-1.jpg\",\"datePublished\":\"2023-09-18T12:11:09+00:00\",\"dateModified\":\"2026-03-02T12:49:19+00:00\",\"description\":\"Voici le nouveau conte illustr\u00e9 de Fabrice Allia, qui nous fait d\u00e9couvrir le voyage et les r\u00e9flexions d'Ysantu la petite tortue de mer. Livre pour enfant\",\"breadcrumb\":{\"@id\":\"https:\\\/\\\/9editions.com\\\/boutique\\\/produit\\\/ysantu\\\/#breadcrumb\"},\"inLanguage\":\"fr-FR\",\"potentialAction\":[{\"@type\":\"ReadAction\",\"target\":[\"https:\\\/\\\/9editions.com\\\/boutique\\\/produit\\\/ysantu\\\/\"]}]},{\"@type\":\"ImageObject\",\"inLanguage\":\"fr-FR\",\"@id\":\"https:\\\/\\\/9editions.com\\\/boutique\\\/produit\\\/ysantu\\\/#primaryimage\",\"url\":\"https:\\\/\\\/9editions.com\\\/boutique\\\/wp-content\\\/uploads\\\/2023\\\/09\\\/978-2-37727-168-9-1.jpg\",\"contentUrl\":\"https:\\\/\\\/9editions.com\\\/boutique\\\/wp-content\\\/uploads\\\/2023\\\/09\\\/978-2-37727-168-9-1.jpg\",\"width\":1814,\"height\":2521,\"caption\":\"YSANTU livre pour enfants \u00e9crit par Fabrice Allia et illustr\u00e9 par Aur\u00e9lie Iserby publi\u00e9 par 9 \u00e9ditions\"},{\"@type\":\"BreadcrumbList\",\"@id\":\"https:\\\/\\\/9editions.com\\\/boutique\\\/produit\\\/ysantu\\\/#breadcrumb\",\"itemListElement\":[{\"@type\":\"ListItem\",\"position\":1,\"name\":\"Accueil\",\"item\":\"https:\\\/\\\/9editions.com\\\/boutique\\\/\"},{\"@type\":\"ListItem\",\"position\":2,\"name\":\"Boutique\",\"item\":\"https:\\\/\\\/9editions.com\\\/boutique\\\/\"},{\"@type\":\"ListItem\",\"position\":3,\"name\":\"YSANTU\"}]},{\"@type\":\"WebSite\",\"@id\":\"https:\\\/\\\/9editions.com\\\/boutique\\\/#website\",\"url\":\"https:\\\/\\\/9editions.com\\\/boutique\\\/\",\"name\":\"9 \u00e9ditions\",\"description\":\"La maison d&#039;\u00e9dition au c\u00f4t\u00e9 des auteurs\",\"publisher\":{\"@id\":\"https:\\\/\\\/9editions.com\\\/boutique\\\/#organization\"},\"potentialAction\":[{\"@type\":\"SearchAction\",\"target\":{\"@type\":\"EntryPoint\",\"urlTemplate\":\"https:\\\/\\\/9editions.com\\\/boutique\\\/?s={search_term_string}\"},\"query-input\":{\"@type\":\"PropertyValueSpecification\",\"valueRequired\":true,\"valueName\":\"search_term_string\"}}],\"inLanguage\":\"fr-FR\"},{\"@type\":\"Organization\",\"@id\":\"https:\\\/\\\/9editions.com\\\/boutique\\\/#organization\",\"name\":\"9 \u00e9ditions\",\"url\":\"https:\\\/\\\/9editions.com\\\/boutique\\\/\",\"logo\":{\"@type\":\"ImageObject\",\"inLanguage\":\"fr-FR\",\"@id\":\"https:\\\/\\\/9editions.com\\\/boutique\\\/#\\\/schema\\\/logo\\\/image\\\/\",\"url\":\"https:\\\/\\\/9editions.com\\\/boutique\\\/wp-content\\\/uploads\\\/2020\\\/03\\\/cropped-9-editions-logo-amazon.jpg\",\"contentUrl\":\"https:\\\/\\\/9editions.com\\\/boutique\\\/wp-content\\\/uploads\\\/2020\\\/03\\\/cropped-9-editions-logo-amazon.jpg\",\"width\":120,\"height\":30,\"caption\":\"9 \u00e9ditions\"},\"image\":{\"@id\":\"https:\\\/\\\/9editions.com\\\/boutique\\\/#\\\/schema\\\/logo\\\/image\\\/\"},\"sameAs\":[\"https:\\\/\\\/www.facebook.com\\\/9editions?ref=bookmarks\",\"https:\\\/\\\/x.com\\\/9_editions\",\"https:\\\/\\\/www.instagram.com\\\/9editions_\\\/\"]}]}<\/script>\n<!-- \/ Yoast SEO plugin. -->","yoast_head_json":{"title":"YSANTU - 9 \u00e9ditions","description":"Voici le nouveau conte illustr\u00e9 de Fabrice Allia, qui nous fait d\u00e9couvrir le voyage et les r\u00e9flexions d'Ysantu la petite tortue de mer. Livre pour enfant","robots":{"index":"index","follow":"follow","max-snippet":"max-snippet:-1","max-image-preview":"max-image-preview:large","max-video-preview":"max-video-preview:-1"},"canonical":"https:\/\/9editions.com\/boutique\/produit\/ysantu\/","og_locale":"fr_FR","og_type":"article","og_title":"YSANTU - 9 \u00e9ditions","og_description":"Voici le nouveau conte illustr\u00e9 de Fabrice Allia, qui nous fait d\u00e9couvrir le voyage et les r\u00e9flexions d'Ysantu la petite tortue de mer. Livre pour enfant","og_url":"https:\/\/9editions.com\/boutique\/produit\/ysantu\/","og_site_name":"9 \u00e9ditions","article_publisher":"https:\/\/www.facebook.com\/9editions?ref=bookmarks","article_modified_time":"2026-03-02T12:49:19+00:00","og_image":[{"width":1814,"height":2521,"url":"https:\/\/9editions.com\/boutique\/wp-content\/uploads\/2023\/09\/978-2-37727-168-9-1.jpg","type":"image\/jpeg"}],"twitter_card":"summary_large_image","twitter_site":"@9_editions","twitter_misc":{"Dur\u00e9e de lecture estim\u00e9e":"1 minute"},"schema":{"@context":"https:\/\/schema.org","@graph":[{"@type":"WebPage","@id":"https:\/\/9editions.com\/boutique\/produit\/ysantu\/","url":"https:\/\/9editions.com\/boutique\/produit\/ysantu\/","name":"YSANTU - 9 \u00e9ditions","isPartOf":{"@id":"https:\/\/9editions.com\/boutique\/#website"},"primaryImageOfPage":{"@id":"https:\/\/9editions.com\/boutique\/produit\/ysantu\/#primaryimage"},"image":{"@id":"https:\/\/9editions.com\/boutique\/produit\/ysantu\/#primaryimage"},"thumbnailUrl":"https:\/\/9editions.com\/boutique\/wp-content\/uploads\/2023\/09\/978-2-37727-168-9-1.jpg","datePublished":"2023-09-18T12:11:09+00:00","dateModified":"2026-03-02T12:49:19+00:00","description":"Voici le nouveau conte illustr\u00e9 de Fabrice Allia, qui nous fait d\u00e9couvrir le voyage et les r\u00e9flexions d'Ysantu la petite tortue de mer. Livre pour enfant","breadcrumb":{"@id":"https:\/\/9editions.com\/boutique\/produit\/ysantu\/#breadcrumb"},"inLanguage":"fr-FR","potentialAction":[{"@type":"ReadAction","target":["https:\/\/9editions.com\/boutique\/produit\/ysantu\/"]}]},{"@type":"ImageObject","inLanguage":"fr-FR","@id":"https:\/\/9editions.com\/boutique\/produit\/ysantu\/#primaryimage","url":"https:\/\/9editions.com\/boutique\/wp-content\/uploads\/2023\/09\/978-2-37727-168-9-1.jpg","contentUrl":"https:\/\/9editions.com\/boutique\/wp-content\/uploads\/2023\/09\/978-2-37727-168-9-1.jpg","width":1814,"height":2521,"caption":"YSANTU livre pour enfants \u00e9crit par Fabrice Allia et illustr\u00e9 par Aur\u00e9lie Iserby publi\u00e9 par 9 \u00e9ditions"},{"@type":"BreadcrumbList","@id":"https:\/\/9editions.com\/boutique\/produit\/ysantu\/#breadcrumb","itemListElement":[{"@type":"ListItem","position":1,"name":"Accueil","item":"https:\/\/9editions.com\/boutique\/"},{"@type":"ListItem","position":2,"name":"Boutique","item":"https:\/\/9editions.com\/boutique\/"},{"@type":"ListItem","position":3,"name":"YSANTU"}]},{"@type":"WebSite","@id":"https:\/\/9editions.com\/boutique\/#website","url":"https:\/\/9editions.com\/boutique\/","name":"9 \u00e9ditions","description":"La maison d&#039;\u00e9dition au c\u00f4t\u00e9 des auteurs","publisher":{"@id":"https:\/\/9editions.com\/boutique\/#organization"},"potentialAction":[{"@type":"SearchAction","target":{"@type":"EntryPoint","urlTemplate":"https:\/\/9editions.com\/boutique\/?s={search_term_string}"},"query-input":{"@type":"PropertyValueSpecification","valueRequired":true,"valueName":"search_term_string"}}],"inLanguage":"fr-FR"},{"@type":"Organization","@id":"https:\/\/9editions.com\/boutique\/#organization","name":"9 \u00e9ditions","url":"https:\/\/9editions.com\/boutique\/","logo":{"@type":"ImageObject","inLanguage":"fr-FR","@id":"https:\/\/9editions.com\/boutique\/#\/schema\/logo\/image\/","url":"https:\/\/9editions.com\/boutique\/wp-content\/uploads\/2020\/03\/cropped-9-editions-logo-amazon.jpg","contentUrl":"https:\/\/9editions.com\/boutique\/wp-content\/uploads\/2020\/03\/cropped-9-editions-logo-amazon.jpg","width":120,"height":30,"caption":"9 \u00e9ditions"},"image":{"@id":"https:\/\/9editions.com\/boutique\/#\/schema\/logo\/image\/"},"sameAs":["https:\/\/www.facebook.com\/9editions?ref=bookmarks","https:\/\/x.com\/9_editions","https:\/\/www.instagram.com\/9editions_\/"]}]}},"jetpack_sharing_enabled":true,"_links":{"self":[{"href":"https:\/\/9editions.com\/boutique\/wp-json\/wp\/v2\/product\/2527","targetHints":{"allow":["GET"]}}],"collection":[{"href":"https:\/\/9editions.com\/boutique\/wp-json\/wp\/v2\/product"}],"about":[{"href":"https:\/\/9editions.com\/boutique\/wp-json\/wp\/v2\/types\/product"}],"replies":[{"embeddable":true,"href":"https:\/\/9editions.com\/boutique\/wp-json\/wp\/v2\/comments?post=2527"}],"wp:featuredmedia":[{"embeddable":true,"href":"https:\/\/9editions.com\/boutique\/wp-json\/wp\/v2\/media\/2528"}],"wp:attachment":[{"href":"https:\/\/9editions.com\/boutique\/wp-json\/wp\/v2\/media?parent=2527"}],"wp:term":[{"taxonomy":"product_brand","embeddable":true,"href":"https:\/\/9editions.com\/boutique\/wp-json\/wp\/v2\/product_brand?post=2527"},{"taxonomy":"product_cat","embeddable":true,"href":"https:\/\/9editions.com\/boutique\/wp-json\/wp\/v2\/product_cat?post=2527"},{"taxonomy":"product_tag","embeddable":true,"href":"https:\/\/9editions.com\/boutique\/wp-json\/wp\/v2\/product_tag?post=2527"}],"curies":[{"name":"wp","href":"https:\/\/api.w.org\/{rel}","templated":true}]}}

<p>Ce conte va nous emmener dans une époque lointaine où les tortues étaient très différentes de celles  d’aujourd’hui.</p>
<p>L’une d’entre elles, Ysantu, courageuse, est déterminée à trouver la joie. Dans son aventure, elle va rencontrer de multiples animaux qui vont la guider. Saura-t-elle les entendre ?</p>

<p>Tout droit sorti de mon coeur et au regard de mes expériences de vie et de thérapeute, ce conte a germé comme un outil magnifique pour faire rayonner mes pensées et pour que les parents de demain soient à la hauteur des enfants de l’avenir.</p>
<p>Nous récoltons dans le monde d’aujourd’hui ce qui a été semé  dans le passé. Si nous voulons que le futur se déroule dans la paix, c’est dans le présent et le coeur de chaque être humain qu’il doit être créé. C’est maintenant que tout se passe et que parents et enfants peuvent s’éveiller&#8230;.</p>

<!-- This site is optimized with the Yoast SEO plugin v27.3 - https://yoast.com/product/yoast-seo-wordpress/ -->
<title>YSANTU - 9 éditions</title>
<meta name="description" content="Voici le nouveau conte illustré de Fabrice Allia, qui nous fait découvrir le voyage et les réflexions d&#039;Ysantu la petite tortue de mer. Livre pour enfant" />
<meta name="robots" content="index, follow, max-snippet:-1, max-image-preview:large, max-video-preview:-1" />
<link rel="canonical" href="https://9editions.com/boutique/produit/ysantu/" />
<meta property="og:locale" content="fr_FR" />
<meta property="og:type" content="article" />
<meta property="og:title" content="YSANTU - 9 éditions" />
<meta property="og:description" content="Voici le nouveau conte illustré de Fabrice Allia, qui nous fait découvrir le voyage et les réflexions d&#039;Ysantu la petite tortue de mer. Livre pour enfant" />
<meta property="og:url" content="https://9editions.com/boutique/produit/ysantu/" />
<meta property="og:site_name" content="9 éditions" />
<meta property="article:publisher" content="https://www.facebook.com/9editions?ref=bookmarks" />
<meta property="article:modified_time" content="2026-03-02T12:49:19+00:00" />
<meta property="og:image" content="https://9editions.com/boutique/wp-content/uploads/2023/09/978-2-37727-168-9-1.jpg" />
	<meta property="og:image:width" content="1814" />
	<meta property="og:image:height" content="2521" />
	<meta property="og:image:type" content="image/jpeg" />
<meta name="twitter:card" content="summary_large_image" />
<meta name="twitter:site" content="@9_editions" />
<meta name="twitter:label1" content="Durée de lecture estimée" />
	<meta name="twitter:data1" content="1 minute" />
<script type="application/ld+json" class="yoast-schema-graph">{"@context":"https:\/\/schema.org","@graph":[{"@type":"WebPage","@id":"https:\/\/9editions.com\/boutique\/produit\/ysantu\/","url":"https:\/\/9editions.com\/boutique\/produit\/ysantu\/","name":"YSANTU - 9 éditions","isPartOf":{"@id":"https:\/\/9editions.com\/boutique\/#website"},"primaryImageOfPage":{"@id":"https:\/\/9editions.com\/boutique\/produit\/ysantu\/#primaryimage"},"image":{"@id":"https:\/\/9editions.com\/boutique\/produit\/ysantu\/#primaryimage"},"thumbnailUrl":"https:\/\/9editions.com\/boutique\/wp-content\/uploads\/2023\/09\/978-2-37727-168-9-1.jpg","datePublished":"2023-09-18T12:11:09+00:00","dateModified":"2026-03-02T12:49:19+00:00","description":"Voici le nouveau conte illustré de Fabrice Allia, qui nous fait découvrir le voyage et les réflexions d'Ysantu la petite tortue de mer. Livre pour enfant","breadcrumb":{"@id":"https:\/\/9editions.com\/boutique\/produit\/ysantu\/#breadcrumb"},"inLanguage":"fr-FR","potentialAction":[{"@type":"ReadAction","target":["https:\/\/9editions.com\/boutique\/produit\/ysantu\/"]}]},{"@type":"ImageObject","inLanguage":"fr-FR","@id":"https:\/\/9editions.com\/boutique\/produit\/ysantu\/#primaryimage","url":"https:\/\/9editions.com\/boutique\/wp-content\/uploads\/2023\/09\/978-2-37727-168-9-1.jpg","contentUrl":"https:\/\/9editions.com\/boutique\/wp-content\/uploads\/2023\/09\/978-2-37727-168-9-1.jpg","width":1814,"height":2521,"caption":"YSANTU livre pour enfants écrit par Fabrice Allia et illustré par Aurélie Iserby publié par 9 éditions"},{"@type":"BreadcrumbList","@id":"https:\/\/9editions.com\/boutique\/produit\/ysantu\/#breadcrumb","itemListElement":[{"@type":"ListItem","position":1,"name":"Accueil","item":"https:\/\/9editions.com\/boutique\/"},{"@type":"ListItem","position":2,"name":"Boutique","item":"https:\/\/9editions.com\/boutique\/"},{"@type":"ListItem","position":3,"name":"YSANTU"}]},{"@type":"WebSite","@id":"https:\/\/9editions.com\/boutique\/#website","url":"https:\/\/9editions.com\/boutique\/","name":"9 éditions","description":"La maison d&#039;édition au côté des auteurs","publisher":{"@id":"https:\/\/9editions.com\/boutique\/#organization"},"potentialAction":[{"@type":"SearchAction","target":{"@type":"EntryPoint","urlTemplate":"https:\/\/9editions.com\/boutique\/?s={search_term_string}"},"query-input":{"@type":"PropertyValueSpecification","valueRequired":true,"valueName":"search_term_string"}}],"inLanguage":"fr-FR"},{"@type":"Organization","@id":"https:\/\/9editions.com\/boutique\/#organization","name":"9 éditions","url":"https:\/\/9editions.com\/boutique\/","logo":{"@type":"ImageObject","inLanguage":"fr-FR","@id":"https:\/\/9editions.com\/boutique\/#\/schema\/logo\/image\/","url":"https:\/\/9editions.com\/boutique\/wp-content\/uploads\/2020\/03\/cropped-9-editions-logo-amazon.jpg","contentUrl":"https:\/\/9editions.com\/boutique\/wp-content\/uploads\/2020\/03\/cropped-9-editions-logo-amazon.jpg","width":120,"height":30,"caption":"9 éditions"},"image":{"@id":"https:\/\/9editions.com\/boutique\/#\/schema\/logo\/image\/"},"sameAs":["https:\/\/www.facebook.com\/9editions?ref=bookmarks","https:\/\/x.com\/9_editions","https:\/\/www.instagram.com\/9editions_\/"]}]}</script>
<!-- / Yoast SEO plugin. -->

YSANTU - 9 éditions

Voici le nouveau conte illustré de Fabrice Allia, qui nous fait découvrir le voyage et les réflexions d'Ysantu la petite tortue de mer. Livre pour enfant

9 éditions

YSANTU livre pour enfants écrit par Fabrice Allia et illustré par Aurélie Iserby publié par 9 éditions

La maison d&#039;édition au côté des auteurs
