{"id":41,"date":"2020-02-28T19:50:04","date_gmt":"2020-02-28T18:50:04","guid":{"rendered":"http:\/\/9editions.com\/boutique\/?page_id=41"},"modified":"2025-09-12T14:08:46","modified_gmt":"2025-09-12T12:08:46","slug":"qui-sommes-nous","status":"publish","type":"page","link":"https:\/\/9editions.com\/boutique\/qui-sommes-nous\/","title":{"rendered":"Qui sommes nous ?"},"content":{"rendered":"\n<h2 class=\"wp-block-heading\">Mieux nous conna\u00eetre<\/h2>\n\n\n\n<p><strong>9 \u00e9ditions<\/strong>&nbsp;est une maison d\u2019\u00e9dition fran\u00e7aise, \u00e0 taille humaine.<\/p>\n\n\n\n<p>Les fondements de&nbsp;<strong>9 \u00e9ditions<\/strong>&nbsp;ont \u00e9t\u00e9 construits sur une envie de proposer des&nbsp;<strong>prestations de qualit\u00e9<\/strong>. En effet, apr\u00e8s des ann\u00e9es d\u2019exp\u00e9rience dans diff\u00e9rentes maisons d\u2019\u00e9dition, les fondateurs de&nbsp;<strong>9 \u00e9ditions<\/strong>&nbsp;ont d\u00e9cid\u00e9 de cr\u00e9er leur propre soci\u00e9t\u00e9 afin de proposer une v\u00e9ritable alternative aux auteurs. Ici l<strong>a transparence<\/strong>&nbsp;est de mise et le&nbsp;<strong>suivi personnalis\u00e9<\/strong>&nbsp;de nos \u00e9crivains obligatoires.<\/p>\n\n\n\n<p><strong>Nos \u00e9quipes<\/strong>&nbsp;sont compos\u00e9es de personnes issues de formations litt\u00e9raires, \u00e9tant dipl\u00f4m\u00e9es dans le domaine qu\u2019il exerce avec des certifications. Nous pouvons donc r\u00e9pondre \u00e0 vos demandes en publication avec&nbsp;<strong>un service personnalis\u00e9<\/strong>&nbsp;comme peu de maison d\u2019\u00e9dition. Pour<strong>&nbsp;9 \u00e9ditions<\/strong>&nbsp;tout n\u2019est pas question d\u2019argent !<\/p>\n\n\n\n<p>Notre objectif,&nbsp;<strong>privil\u00e9gier la qualit\u00e9<\/strong>&nbsp;sur le reste du processus d\u2019\u00e9dition. Ainsi, contrairement \u00e0 ce que beaucoup pourraient croire, nous gagnons du temps sur le planning des sorties litt\u00e9raires puisque nous n\u2019avons pas \u00e0 revenir plusieurs fois sur la m\u00eame \u00e9tape.<\/p>\n\n\n\n<p><strong>9 \u00e9ditions<\/strong>&nbsp;a d\u00e9velopp\u00e9&nbsp;au fil des ann\u00e9es&nbsp;<strong>un r\u00e9seau de partenaires<\/strong>&nbsp;qui lui permet de vous offrir une large&nbsp;<strong>palette de services<\/strong>.<\/p>\n\n\n\n<p>Nous ferons tout notre possible au travers de notre&nbsp;<strong>savoir-faire<\/strong>&nbsp;et de nos comp\u00e9tences pour atteindre les objectifs que nous nous serons fix\u00e9s&nbsp;<strong>ensemble<\/strong>.<\/p>\n","protected":false},"excerpt":{"rendered":"<p>Mieux nous conna\u00eetre 9 \u00e9ditions&nbsp;est une maison d\u2019\u00e9dition fran\u00e7aise, \u00e0 taille humaine. Les fondements de&nbsp;9 \u00e9ditions&nbsp;ont \u00e9t\u00e9 construits sur une envie de proposer des&nbsp;prestations de qualit\u00e9. En effet, apr\u00e8s des ann\u00e9es d\u2019exp\u00e9rience dans diff\u00e9rentes maisons d\u2019\u00e9dition, les fondateurs de&nbsp;9 \u00e9ditions&nbsp;ont d\u00e9cid\u00e9 de cr\u00e9er leur propre soci\u00e9t\u00e9 afin de proposer une<\/p>\n","protected":false},"author":1,"featured_media":0,"parent":0,"menu_order":0,"comment_status":"closed","ping_status":"closed","template":"","meta":{"footnotes":""},"class_list":{"1":"page","2":"type-page","3":"status-publish","4":"hentry"},"yoast_head":"<!-- This site is optimized with the Yoast SEO plugin v27.3 - https:\/\/yoast.com\/product\/yoast-seo-wordpress\/ -->\n<title>Qui sommes nous ? - 9 \u00e9ditions<\/title>\n<meta name=\"description\" content=\"D\u00e9couvrez les valeurs de notre maison d&#039;\u00e9dition. Entreprise \u00e0 taille humain, proche de ses auteurs avec des services de qualit\u00e9....\" \/>\n<meta name=\"robots\" content=\"index, follow, max-snippet:-1, max-image-preview:large, max-video-preview:-1\" \/>\n<link rel=\"canonical\" href=\"https:\/\/9editions.com\/boutique\/qui-sommes-nous\/\" \/>\n<meta property=\"og:locale\" content=\"fr_FR\" \/>\n<meta property=\"og:type\" content=\"article\" \/>\n<meta property=\"og:title\" content=\"Qui sommes nous ? - 9 \u00e9ditions\" \/>\n<meta property=\"og:description\" content=\"D\u00e9couvrez les valeurs de notre maison d&#039;\u00e9dition. Entreprise \u00e0 taille humain, proche de ses auteurs avec des services de qualit\u00e9....\" \/>\n<meta property=\"og:url\" content=\"https:\/\/9editions.com\/boutique\/qui-sommes-nous\/\" \/>\n<meta property=\"og:site_name\" content=\"9 \u00e9ditions\" \/>\n<meta property=\"article:publisher\" content=\"https:\/\/www.facebook.com\/9editions?ref=bookmarks\" \/>\n<meta property=\"article:modified_time\" content=\"2025-09-12T12:08:46+00:00\" \/>\n<meta name=\"twitter:card\" content=\"summary_large_image\" \/>\n<meta name=\"twitter:site\" content=\"@9_editions\" \/>\n<meta name=\"twitter:label1\" content=\"Dur\u00e9e de lecture estim\u00e9e\" \/>\n\t<meta name=\"twitter:data1\" content=\"2 minutes\" \/>\n<script type=\"application\/ld+json\" class=\"yoast-schema-graph\">{\"@context\":\"https:\\\/\\\/schema.org\",\"@graph\":[{\"@type\":\"WebPage\",\"@id\":\"https:\\\/\\\/9editions.com\\\/boutique\\\/qui-sommes-nous\\\/\",\"url\":\"https:\\\/\\\/9editions.com\\\/boutique\\\/qui-sommes-nous\\\/\",\"name\":\"Qui sommes nous ? - 9 \u00e9ditions\",\"isPartOf\":{\"@id\":\"https:\\\/\\\/9editions.com\\\/boutique\\\/#website\"},\"datePublished\":\"2020-02-28T18:50:04+00:00\",\"dateModified\":\"2025-09-12T12:08:46+00:00\",\"description\":\"D\u00e9couvrez les valeurs de notre maison d'\u00e9dition. Entreprise \u00e0 taille humain, proche de ses auteurs avec des services de qualit\u00e9....\",\"breadcrumb\":{\"@id\":\"https:\\\/\\\/9editions.com\\\/boutique\\\/qui-sommes-nous\\\/#breadcrumb\"},\"inLanguage\":\"fr-FR\",\"potentialAction\":[{\"@type\":\"ReadAction\",\"target\":[\"https:\\\/\\\/9editions.com\\\/boutique\\\/qui-sommes-nous\\\/\"]}]},{\"@type\":\"BreadcrumbList\",\"@id\":\"https:\\\/\\\/9editions.com\\\/boutique\\\/qui-sommes-nous\\\/#breadcrumb\",\"itemListElement\":[{\"@type\":\"ListItem\",\"position\":1,\"name\":\"Accueil\",\"item\":\"https:\\\/\\\/9editions.com\\\/boutique\\\/\"},{\"@type\":\"ListItem\",\"position\":2,\"name\":\"Qui sommes nous ?\"}]},{\"@type\":\"WebSite\",\"@id\":\"https:\\\/\\\/9editions.com\\\/boutique\\\/#website\",\"url\":\"https:\\\/\\\/9editions.com\\\/boutique\\\/\",\"name\":\"9 \u00e9ditions\",\"description\":\"La maison d&#039;\u00e9dition au c\u00f4t\u00e9 des auteurs\",\"publisher\":{\"@id\":\"https:\\\/\\\/9editions.com\\\/boutique\\\/#organization\"},\"potentialAction\":[{\"@type\":\"SearchAction\",\"target\":{\"@type\":\"EntryPoint\",\"urlTemplate\":\"https:\\\/\\\/9editions.com\\\/boutique\\\/?s={search_term_string}\"},\"query-input\":{\"@type\":\"PropertyValueSpecification\",\"valueRequired\":true,\"valueName\":\"search_term_string\"}}],\"inLanguage\":\"fr-FR\"},{\"@type\":\"Organization\",\"@id\":\"https:\\\/\\\/9editions.com\\\/boutique\\\/#organization\",\"name\":\"9 \u00e9ditions\",\"url\":\"https:\\\/\\\/9editions.com\\\/boutique\\\/\",\"logo\":{\"@type\":\"ImageObject\",\"inLanguage\":\"fr-FR\",\"@id\":\"https:\\\/\\\/9editions.com\\\/boutique\\\/#\\\/schema\\\/logo\\\/image\\\/\",\"url\":\"https:\\\/\\\/9editions.com\\\/boutique\\\/wp-content\\\/uploads\\\/2020\\\/03\\\/cropped-9-editions-logo-amazon.jpg\",\"contentUrl\":\"https:\\\/\\\/9editions.com\\\/boutique\\\/wp-content\\\/uploads\\\/2020\\\/03\\\/cropped-9-editions-logo-amazon.jpg\",\"width\":120,\"height\":30,\"caption\":\"9 \u00e9ditions\"},\"image\":{\"@id\":\"https:\\\/\\\/9editions.com\\\/boutique\\\/#\\\/schema\\\/logo\\\/image\\\/\"},\"sameAs\":[\"https:\\\/\\\/www.facebook.com\\\/9editions?ref=bookmarks\",\"https:\\\/\\\/x.com\\\/9_editions\",\"https:\\\/\\\/www.instagram.com\\\/9editions_\\\/\"]}]}<\/script>\n<!-- \/ Yoast SEO plugin. -->","yoast_head_json":{"title":"Qui sommes nous ? - 9 \u00e9ditions","description":"D\u00e9couvrez les valeurs de notre maison d'\u00e9dition. Entreprise \u00e0 taille humain, proche de ses auteurs avec des services de qualit\u00e9....","robots":{"index":"index","follow":"follow","max-snippet":"max-snippet:-1","max-image-preview":"max-image-preview:large","max-video-preview":"max-video-preview:-1"},"canonical":"https:\/\/9editions.com\/boutique\/qui-sommes-nous\/","og_locale":"fr_FR","og_type":"article","og_title":"Qui sommes nous ? - 9 \u00e9ditions","og_description":"D\u00e9couvrez les valeurs de notre maison d'\u00e9dition. Entreprise \u00e0 taille humain, proche de ses auteurs avec des services de qualit\u00e9....","og_url":"https:\/\/9editions.com\/boutique\/qui-sommes-nous\/","og_site_name":"9 \u00e9ditions","article_publisher":"https:\/\/www.facebook.com\/9editions?ref=bookmarks","article_modified_time":"2025-09-12T12:08:46+00:00","twitter_card":"summary_large_image","twitter_site":"@9_editions","twitter_misc":{"Dur\u00e9e de lecture estim\u00e9e":"2 minutes"},"schema":{"@context":"https:\/\/schema.org","@graph":[{"@type":"WebPage","@id":"https:\/\/9editions.com\/boutique\/qui-sommes-nous\/","url":"https:\/\/9editions.com\/boutique\/qui-sommes-nous\/","name":"Qui sommes nous ? - 9 \u00e9ditions","isPartOf":{"@id":"https:\/\/9editions.com\/boutique\/#website"},"datePublished":"2020-02-28T18:50:04+00:00","dateModified":"2025-09-12T12:08:46+00:00","description":"D\u00e9couvrez les valeurs de notre maison d'\u00e9dition. Entreprise \u00e0 taille humain, proche de ses auteurs avec des services de qualit\u00e9....","breadcrumb":{"@id":"https:\/\/9editions.com\/boutique\/qui-sommes-nous\/#breadcrumb"},"inLanguage":"fr-FR","potentialAction":[{"@type":"ReadAction","target":["https:\/\/9editions.com\/boutique\/qui-sommes-nous\/"]}]},{"@type":"BreadcrumbList","@id":"https:\/\/9editions.com\/boutique\/qui-sommes-nous\/#breadcrumb","itemListElement":[{"@type":"ListItem","position":1,"name":"Accueil","item":"https:\/\/9editions.com\/boutique\/"},{"@type":"ListItem","position":2,"name":"Qui sommes nous ?"}]},{"@type":"WebSite","@id":"https:\/\/9editions.com\/boutique\/#website","url":"https:\/\/9editions.com\/boutique\/","name":"9 \u00e9ditions","description":"La maison d&#039;\u00e9dition au c\u00f4t\u00e9 des auteurs","publisher":{"@id":"https:\/\/9editions.com\/boutique\/#organization"},"potentialAction":[{"@type":"SearchAction","target":{"@type":"EntryPoint","urlTemplate":"https:\/\/9editions.com\/boutique\/?s={search_term_string}"},"query-input":{"@type":"PropertyValueSpecification","valueRequired":true,"valueName":"search_term_string"}}],"inLanguage":"fr-FR"},{"@type":"Organization","@id":"https:\/\/9editions.com\/boutique\/#organization","name":"9 \u00e9ditions","url":"https:\/\/9editions.com\/boutique\/","logo":{"@type":"ImageObject","inLanguage":"fr-FR","@id":"https:\/\/9editions.com\/boutique\/#\/schema\/logo\/image\/","url":"https:\/\/9editions.com\/boutique\/wp-content\/uploads\/2020\/03\/cropped-9-editions-logo-amazon.jpg","contentUrl":"https:\/\/9editions.com\/boutique\/wp-content\/uploads\/2020\/03\/cropped-9-editions-logo-amazon.jpg","width":120,"height":30,"caption":"9 \u00e9ditions"},"image":{"@id":"https:\/\/9editions.com\/boutique\/#\/schema\/logo\/image\/"},"sameAs":["https:\/\/www.facebook.com\/9editions?ref=bookmarks","https:\/\/x.com\/9_editions","https:\/\/www.instagram.com\/9editions_\/"]}]}},"jetpack_sharing_enabled":true,"_links":{"self":[{"href":"https:\/\/9editions.com\/boutique\/wp-json\/wp\/v2\/pages\/41","targetHints":{"allow":["GET"]}}],"collection":[{"href":"https:\/\/9editions.com\/boutique\/wp-json\/wp\/v2\/pages"}],"about":[{"href":"https:\/\/9editions.com\/boutique\/wp-json\/wp\/v2\/types\/page"}],"author":[{"embeddable":true,"href":"https:\/\/9editions.com\/boutique\/wp-json\/wp\/v2\/users\/1"}],"replies":[{"embeddable":true,"href":"https:\/\/9editions.com\/boutique\/wp-json\/wp\/v2\/comments?post=41"}],"version-history":[{"count":2,"href":"https:\/\/9editions.com\/boutique\/wp-json\/wp\/v2\/pages\/41\/revisions"}],"predecessor-version":[{"id":3020,"href":"https:\/\/9editions.com\/boutique\/wp-json\/wp\/v2\/pages\/41\/revisions\/3020"}],"wp:attachment":[{"href":"https:\/\/9editions.com\/boutique\/wp-json\/wp\/v2\/media?parent=41"}],"curies":[{"name":"wp","href":"https:\/\/api.w.org\/{rel}","templated":true}]}}