{"id":3025,"date":"2025-09-12T14:15:57","date_gmt":"2025-09-12T12:15:57","guid":{"rendered":"https:\/\/9editions.com\/boutique\/?page_id=3025"},"modified":"2025-09-12T14:15:59","modified_gmt":"2025-09-12T12:15:59","slug":"collaborateurs","status":"publish","type":"page","link":"https:\/\/9editions.com\/boutique\/collaborateurs\/","title":{"rendered":"Collaborateurs"},"content":{"rendered":"\n<h2 class=\"wp-block-heading\">Choisir les meilleurs collaborateurs<\/h2>\n\n\n\n<p><strong>9 \u00e9ditions<\/strong>&nbsp;cherche sans cesse \u00e0 am\u00e9liorer les prestations qu\u2019ils offrent \u00e0 ses auteurs. C\u2019est la raison pour laquelle nous choisissons des collaborateurs responsables.<\/p>\n\n\n\n<h3 class=\"wp-block-heading\">Diffuser et distribuer vos livres<\/h3>\n\n\n\n<p>Nous avons choisi un diffuseur \/ distributeur afin de placer vos livres dans une centaine de Marketplace dont les principaux (<a href=\"https:\/\/www.amazon.fr\/gp\/search\/ref=sr_adv_b\/?search-alias=stripbooks&amp;__mk_fr_FR=%C3%85M%C3%85Z%C3%95%C3%91&amp;unfiltered=1&amp;field-keywords=&amp;field-author=&amp;field-title=&amp;field-isbn=&amp;field-publisher=9+%C3%A9ditions&amp;field-collection=&amp;node=&amp;field-binding_browse-bin=&amp;field-dateop=&amp;field-datemod=&amp;field-dateyear=&amp;sort=relevancerank&amp;Adv-Srch-Books-Submit.x=0&amp;Adv-Srch-Books-Submit.y=0\" target=\"_blank\" rel=\"noreferrer noopener\">Amazon<\/a>, Fnac.com,&nbsp;<a href=\"https:\/\/ebook.chapitre.com\/listeliv.php?form_recherche_avancee=ok&amp;base=ebook&amp;editeur=9+%C3%A9ditions&amp;editeur1=9+%C3%A9ditions&amp;dispo=1%2C2&amp;select_tri_recherche=pertinence\" target=\"_blank\" rel=\"noreferrer noopener\">Chapitre.com<\/a>,&nbsp;<a target=\"_blank\" rel=\"noreferrer noopener\">iBookStore<\/a>,&nbsp;<a href=\"http:\/\/www.youscribe.com\/9-editions\/\" target=\"_blank\" rel=\"noreferrer noopener\">Youscribe<\/a>,&nbsp;<a href=\"https:\/\/e-librairie.e-leclerc.com\/search?words=9+%C3%A9ditions\" target=\"_blank\" rel=\"noreferrer noopener\">E. Leclerc<\/a>, Carrefour, Cultura,&nbsp;<a href=\"http:\/\/www.sauramps.com\/catalogsearch\/advanced\/result\/?product_type=Book&amp;description=&amp;name=&amp;book_authors=&amp;editor=9+%C3%A9ditions&amp;price%5Bfrom%5D=&amp;price%5Bto%5D=&amp;book_serie_number=&amp;product_collection=&amp;release_date%5Bfrom%5D=&amp;release_date%5Bto%5D=&amp;book_format=&amp;sku=&amp;book_original_language=\" target=\"_blank\" rel=\"noreferrer noopener\">Sauramps<\/a>,&nbsp;<a href=\"https:\/\/www.furet.com\/rechercher\/result?q=9+%C3%A9ditions&amp;search_field=publisher_name\" target=\"_blank\" rel=\"noreferrer noopener\">Le furet du Nord<\/a>,&nbsp;<a href=\"http:\/\/www.decitre.fr\/rechercher\/result?q=9+editions&amp;search_field=publisher_name\" target=\"_blank\" rel=\"noreferrer noopener\">Decitre<\/a>\u2026).<br>C\u2019est&nbsp;<a href=\"http:\/\/www.immateriel.fr\/\" target=\"_blank\" rel=\"noreferrer noopener\">immat\u00e9riel.fr<\/a>&nbsp;qui nous accompagne chaque jour pour placer sous 5 jours ouvr\u00e9s vos livres num\u00e9riques dans ces plateformes sp\u00e9cialis\u00e9es du t\u00e9l\u00e9chargement.<br>Nous b\u00e9n\u00e9ficions ainsi d\u2019un interlocuteur unique avec des outils statistiques nous permettant de suivre et d\u00e9velopper nos strat\u00e9gies commerciales afin de vendre vos livres.<\/p>\n\n\n\n<h3 class=\"wp-block-heading\">Un imprimeur \u00e9co-responsable<\/h3>\n\n\n\n<p>Dans le monde dans lequel nous vivons&nbsp;<strong>9 \u00e9ditions<\/strong>&nbsp;a jug\u00e9 important de trouver un imprimeur \u00e9cologiquement engag\u00e9. C\u2019est entre autre pour cette raison que nous avons d\u00e9cid\u00e9 de travailler avec&nbsp;<strong>le Centre Litt\u00e9raire d\u2019Impression Proven\u00e7ale<\/strong>&nbsp;qui a plus de 20 ans d\u2019exp\u00e9rience dans l\u2019imprimerie.<\/p>\n\n\n\n<p>De plus, cette imprimeur s\u2019est vu remettre le label IMPRIM\u2019VERT, reconnue par l\u2019ensemble des acteurs des industries graphiques pour trois actions :<br>\u2013 La volont\u00e9 de r\u00e9duire les impacts environnementaux li\u00e9s aux activit\u00e9s de l\u2019imprimerie ;<br>\u2013 Appartenir \u00e0 un r\u00e9seau national accompagnant les imprimeur dans leur d\u00e9marche environnementale\u2026<br>\u2013 S\u2019inscrire dans un engagement de r\u00e9sultat garanti par un cahier des charges national.<\/p>\n\n\n\n<p>D\u2019autre part, le papier utilis\u00e9 pour la couverture de vos livres comme celui des pages int\u00e9rieurs est certifi\u00e9 \u00e9cologique.<br>Ainsi pour votre couverture de livre, nous utiliserons un papier&nbsp;<strong>PEFC<\/strong>&nbsp;ou Programme de Reconnaissance des Certifications Foresti\u00e8res. C\u2019est un label environnemental pour la promotion et la certification d\u2019une gestion durable des for\u00eats.<\/p>\n\n\n\n<p>De m\u00eame pour les feuilles employ\u00e9es pour l\u2019int\u00e9rieur de votre livre, certifi\u00e9s&nbsp;<strong>FSC<\/strong>&nbsp;(Conseil de Soutien de la for\u00eat en fran\u00e7ais). Cette organisation internationale Internationale ind\u00e9pendante, non-gouvernementale et \u00e0 but non lucratif.<br>Cette reconnaissance garantie une production de bois (ou d\u2019un produit \u00e0 base de bois) respectueuse des proc\u00e9dures n\u00e9cessaires \u00e0 la gestion durable des for\u00eats\u2026 cliquez ici pour en savoir plus<\/p>\n","protected":false},"excerpt":{"rendered":"<p>Choisir les meilleurs collaborateurs 9 \u00e9ditions&nbsp;cherche sans cesse \u00e0 am\u00e9liorer les prestations qu\u2019ils offrent \u00e0 ses auteurs. C\u2019est la raison pour laquelle nous choisissons des collaborateurs responsables. Diffuser et distribuer vos livres Nous avons choisi un diffuseur \/ distributeur afin de placer vos livres dans une centaine de Marketplace dont<\/p>\n","protected":false},"author":1,"featured_media":0,"parent":0,"menu_order":0,"comment_status":"closed","ping_status":"closed","template":"","meta":{"footnotes":""},"class_list":{"1":"page","2":"type-page","3":"status-publish","4":"hentry"},"yoast_head":"<!-- This site is optimized with the Yoast SEO plugin v27.3 - https:\/\/yoast.com\/product\/yoast-seo-wordpress\/ -->\n<title>Collaborateurs - 9 \u00e9ditions<\/title>\n<meta name=\"robots\" content=\"index, follow, max-snippet:-1, max-image-preview:large, max-video-preview:-1\" \/>\n<link rel=\"canonical\" href=\"https:\/\/9editions.com\/boutique\/collaborateurs\/\" \/>\n<meta property=\"og:locale\" content=\"fr_FR\" \/>\n<meta property=\"og:type\" content=\"article\" \/>\n<meta property=\"og:title\" content=\"Collaborateurs - 9 \u00e9ditions\" \/>\n<meta property=\"og:description\" content=\"Choisir les meilleurs collaborateurs 9 \u00e9ditions&nbsp;cherche sans cesse \u00e0 am\u00e9liorer les prestations qu\u2019ils offrent \u00e0 ses auteurs. C\u2019est la raison pour laquelle nous choisissons des collaborateurs responsables. Diffuser et distribuer vos livres Nous avons choisi un diffuseur \/ distributeur afin de placer vos livres dans une centaine de Marketplace dont\" \/>\n<meta property=\"og:url\" content=\"https:\/\/9editions.com\/boutique\/collaborateurs\/\" \/>\n<meta property=\"og:site_name\" content=\"9 \u00e9ditions\" \/>\n<meta property=\"article:publisher\" content=\"https:\/\/www.facebook.com\/9editions?ref=bookmarks\" \/>\n<meta property=\"article:modified_time\" content=\"2025-09-12T12:15:59+00:00\" \/>\n<meta name=\"twitter:card\" content=\"summary_large_image\" \/>\n<meta name=\"twitter:site\" content=\"@9_editions\" \/>\n<meta name=\"twitter:label1\" content=\"Dur\u00e9e de lecture estim\u00e9e\" \/>\n\t<meta name=\"twitter:data1\" content=\"2 minutes\" \/>\n<script type=\"application\/ld+json\" class=\"yoast-schema-graph\">{\"@context\":\"https:\\\/\\\/schema.org\",\"@graph\":[{\"@type\":\"WebPage\",\"@id\":\"https:\\\/\\\/9editions.com\\\/boutique\\\/collaborateurs\\\/\",\"url\":\"https:\\\/\\\/9editions.com\\\/boutique\\\/collaborateurs\\\/\",\"name\":\"Collaborateurs - 9 \u00e9ditions\",\"isPartOf\":{\"@id\":\"https:\\\/\\\/9editions.com\\\/boutique\\\/#website\"},\"datePublished\":\"2025-09-12T12:15:57+00:00\",\"dateModified\":\"2025-09-12T12:15:59+00:00\",\"breadcrumb\":{\"@id\":\"https:\\\/\\\/9editions.com\\\/boutique\\\/collaborateurs\\\/#breadcrumb\"},\"inLanguage\":\"fr-FR\",\"potentialAction\":[{\"@type\":\"ReadAction\",\"target\":[\"https:\\\/\\\/9editions.com\\\/boutique\\\/collaborateurs\\\/\"]}]},{\"@type\":\"BreadcrumbList\",\"@id\":\"https:\\\/\\\/9editions.com\\\/boutique\\\/collaborateurs\\\/#breadcrumb\",\"itemListElement\":[{\"@type\":\"ListItem\",\"position\":1,\"name\":\"Accueil\",\"item\":\"https:\\\/\\\/9editions.com\\\/boutique\\\/\"},{\"@type\":\"ListItem\",\"position\":2,\"name\":\"Collaborateurs\"}]},{\"@type\":\"WebSite\",\"@id\":\"https:\\\/\\\/9editions.com\\\/boutique\\\/#website\",\"url\":\"https:\\\/\\\/9editions.com\\\/boutique\\\/\",\"name\":\"9 \u00e9ditions\",\"description\":\"La maison d&#039;\u00e9dition au c\u00f4t\u00e9 des auteurs\",\"publisher\":{\"@id\":\"https:\\\/\\\/9editions.com\\\/boutique\\\/#organization\"},\"potentialAction\":[{\"@type\":\"SearchAction\",\"target\":{\"@type\":\"EntryPoint\",\"urlTemplate\":\"https:\\\/\\\/9editions.com\\\/boutique\\\/?s={search_term_string}\"},\"query-input\":{\"@type\":\"PropertyValueSpecification\",\"valueRequired\":true,\"valueName\":\"search_term_string\"}}],\"inLanguage\":\"fr-FR\"},{\"@type\":\"Organization\",\"@id\":\"https:\\\/\\\/9editions.com\\\/boutique\\\/#organization\",\"name\":\"9 \u00e9ditions\",\"url\":\"https:\\\/\\\/9editions.com\\\/boutique\\\/\",\"logo\":{\"@type\":\"ImageObject\",\"inLanguage\":\"fr-FR\",\"@id\":\"https:\\\/\\\/9editions.com\\\/boutique\\\/#\\\/schema\\\/logo\\\/image\\\/\",\"url\":\"https:\\\/\\\/9editions.com\\\/boutique\\\/wp-content\\\/uploads\\\/2020\\\/03\\\/cropped-9-editions-logo-amazon.jpg\",\"contentUrl\":\"https:\\\/\\\/9editions.com\\\/boutique\\\/wp-content\\\/uploads\\\/2020\\\/03\\\/cropped-9-editions-logo-amazon.jpg\",\"width\":120,\"height\":30,\"caption\":\"9 \u00e9ditions\"},\"image\":{\"@id\":\"https:\\\/\\\/9editions.com\\\/boutique\\\/#\\\/schema\\\/logo\\\/image\\\/\"},\"sameAs\":[\"https:\\\/\\\/www.facebook.com\\\/9editions?ref=bookmarks\",\"https:\\\/\\\/x.com\\\/9_editions\",\"https:\\\/\\\/www.instagram.com\\\/9editions_\\\/\"]}]}<\/script>\n<!-- \/ Yoast SEO plugin. -->","yoast_head_json":{"title":"Collaborateurs - 9 \u00e9ditions","robots":{"index":"index","follow":"follow","max-snippet":"max-snippet:-1","max-image-preview":"max-image-preview:large","max-video-preview":"max-video-preview:-1"},"canonical":"https:\/\/9editions.com\/boutique\/collaborateurs\/","og_locale":"fr_FR","og_type":"article","og_title":"Collaborateurs - 9 \u00e9ditions","og_description":"Choisir les meilleurs collaborateurs 9 \u00e9ditions&nbsp;cherche sans cesse \u00e0 am\u00e9liorer les prestations qu\u2019ils offrent \u00e0 ses auteurs. C\u2019est la raison pour laquelle nous choisissons des collaborateurs responsables. Diffuser et distribuer vos livres Nous avons choisi un diffuseur \/ distributeur afin de placer vos livres dans une centaine de Marketplace dont","og_url":"https:\/\/9editions.com\/boutique\/collaborateurs\/","og_site_name":"9 \u00e9ditions","article_publisher":"https:\/\/www.facebook.com\/9editions?ref=bookmarks","article_modified_time":"2025-09-12T12:15:59+00:00","twitter_card":"summary_large_image","twitter_site":"@9_editions","twitter_misc":{"Dur\u00e9e de lecture estim\u00e9e":"2 minutes"},"schema":{"@context":"https:\/\/schema.org","@graph":[{"@type":"WebPage","@id":"https:\/\/9editions.com\/boutique\/collaborateurs\/","url":"https:\/\/9editions.com\/boutique\/collaborateurs\/","name":"Collaborateurs - 9 \u00e9ditions","isPartOf":{"@id":"https:\/\/9editions.com\/boutique\/#website"},"datePublished":"2025-09-12T12:15:57+00:00","dateModified":"2025-09-12T12:15:59+00:00","breadcrumb":{"@id":"https:\/\/9editions.com\/boutique\/collaborateurs\/#breadcrumb"},"inLanguage":"fr-FR","potentialAction":[{"@type":"ReadAction","target":["https:\/\/9editions.com\/boutique\/collaborateurs\/"]}]},{"@type":"BreadcrumbList","@id":"https:\/\/9editions.com\/boutique\/collaborateurs\/#breadcrumb","itemListElement":[{"@type":"ListItem","position":1,"name":"Accueil","item":"https:\/\/9editions.com\/boutique\/"},{"@type":"ListItem","position":2,"name":"Collaborateurs"}]},{"@type":"WebSite","@id":"https:\/\/9editions.com\/boutique\/#website","url":"https:\/\/9editions.com\/boutique\/","name":"9 \u00e9ditions","description":"La maison d&#039;\u00e9dition au c\u00f4t\u00e9 des auteurs","publisher":{"@id":"https:\/\/9editions.com\/boutique\/#organization"},"potentialAction":[{"@type":"SearchAction","target":{"@type":"EntryPoint","urlTemplate":"https:\/\/9editions.com\/boutique\/?s={search_term_string}"},"query-input":{"@type":"PropertyValueSpecification","valueRequired":true,"valueName":"search_term_string"}}],"inLanguage":"fr-FR"},{"@type":"Organization","@id":"https:\/\/9editions.com\/boutique\/#organization","name":"9 \u00e9ditions","url":"https:\/\/9editions.com\/boutique\/","logo":{"@type":"ImageObject","inLanguage":"fr-FR","@id":"https:\/\/9editions.com\/boutique\/#\/schema\/logo\/image\/","url":"https:\/\/9editions.com\/boutique\/wp-content\/uploads\/2020\/03\/cropped-9-editions-logo-amazon.jpg","contentUrl":"https:\/\/9editions.com\/boutique\/wp-content\/uploads\/2020\/03\/cropped-9-editions-logo-amazon.jpg","width":120,"height":30,"caption":"9 \u00e9ditions"},"image":{"@id":"https:\/\/9editions.com\/boutique\/#\/schema\/logo\/image\/"},"sameAs":["https:\/\/www.facebook.com\/9editions?ref=bookmarks","https:\/\/x.com\/9_editions","https:\/\/www.instagram.com\/9editions_\/"]}]}},"jetpack_sharing_enabled":true,"_links":{"self":[{"href":"https:\/\/9editions.com\/boutique\/wp-json\/wp\/v2\/pages\/3025","targetHints":{"allow":["GET"]}}],"collection":[{"href":"https:\/\/9editions.com\/boutique\/wp-json\/wp\/v2\/pages"}],"about":[{"href":"https:\/\/9editions.com\/boutique\/wp-json\/wp\/v2\/types\/page"}],"author":[{"embeddable":true,"href":"https:\/\/9editions.com\/boutique\/wp-json\/wp\/v2\/users\/1"}],"replies":[{"embeddable":true,"href":"https:\/\/9editions.com\/boutique\/wp-json\/wp\/v2\/comments?post=3025"}],"version-history":[{"count":2,"href":"https:\/\/9editions.com\/boutique\/wp-json\/wp\/v2\/pages\/3025\/revisions"}],"predecessor-version":[{"id":3032,"href":"https:\/\/9editions.com\/boutique\/wp-json\/wp\/v2\/pages\/3025\/revisions\/3032"}],"wp:attachment":[{"href":"https:\/\/9editions.com\/boutique\/wp-json\/wp\/v2\/media?parent=3025"}],"curies":[{"name":"wp","href":"https:\/\/api.w.org\/{rel}","templated":true}]}}